62.28.20.6 - - [19/Dec/2025:16:53:50 +0000] "GET /wp-content/plugins/contact-form-7/includes/swv/js/index.js?ver=6.1.1 HTTP/2.0" 200 3362 "https://mutilacaogenitalfeminina.pt/" "Mozilla/5.0 (Windows NT 10.0; Win64; x64) AppleWebKit/537.36 (KHTML, like Gecko) Chrome/143.0.0.0 Safari/537.36"
62.28.20.6 - - [19/Dec/2025:16:53:50 +0000] "GET /wp-content/plugins/contact-form-7/includes/js/index.js?ver=6.1.1 HTTP/2.0" 200 4001 "https://mutilacaogenitalfeminina.pt/" "Mozilla/5.0 (Windows NT 10.0; Win64; x64) AppleWebKit/537.36 (KHTML, like Gecko) Chrome/143.0.0.0 Safari/537.36"
62.28.20.6 - - [19/Dec/2025:16:53:50 +0000] "GET /wp-content/plugins/elementor/assets/js/webpack.runtime.min.js?ver=3.31.2 HTTP/2.0" 200 2319 "https://mutilacaogenitalfeminina.pt/" "Mozilla/5.0 (Windows NT 10.0; Win64; x64) AppleWebKit/537.36 (KHTML, like Gecko) Chrome/143.0.0.0 Safari/537.36"
62.28.20.6 - - [19/Dec/2025:16:53:50 +0000] "GET /wp-content/plugins/google-language-translator/js/scripts.js?ver=6.0.20 HTTP/2.0" 200 2934 "https://mutilacaogenitalfeminina.pt/" "Mozilla/5.0 (Windows NT 10.0; Win64; x64) AppleWebKit/537.36 (KHTML, like Gecko) Chrome/143.0.0.0 Safari/537.36"
62.28.20.6 - - [19/Dec/2025:16:53:50 +0000] "GET /wp-includes/js/jquery/ui/core.min.js?ver=1.13.3 HTTP/2.0" 200 6791 "https://mutilacaogenitalfeminina.pt/" "Mozilla/5.0 (Windows NT 10.0; Win64; x64) AppleWebKit/537.36 (KHTML, like Gecko) Chrome/143.0.0.0 Safari/537.36"
62.28.20.6 - - [19/Dec/2025:16:53:50 +0000] "GET /wp-content/plugins/elementor/assets/js/frontend-modules.min.js?ver=3.31.2 HTTP/2.0" 200 14801 "https://mutilacaogenitalfeminina.pt/" "Mozilla/5.0 (Windows NT 10.0; Win64; x64) AppleWebKit/537.36 (KHTML, like Gecko) Chrome/143.0.0.0 Safari/537.36"
62.28.20.6 - - [19/Dec/2025:16:53:50 +0000] "GET /wp-content/uploads/elementor/google-fonts/fonts/roboto-fb5169d9.woff2 HTTP/2.0" 200 40128 "https://mutilacaogenitalfeminina.pt/wp-content/uploads/elementor/google-fonts/css/roboto.css?ver=1755552620" "Mozilla/5.0 (Windows NT 10.0; Win64; x64) AppleWebKit/537.36 (KHTML, like Gecko) Chrome/143.0.0.0 Safari/537.36"
62.28.20.6 - - [19/Dec/2025:16:53:50 +0000] "GET /wp-content/plugins/happy-elementor-addons/assets/fonts/happy-icons.woff2 HTTP/2.0" 200 134684 "https://mutilacaogenitalfeminina.pt/wp-content/plugins/happy-elementor-addons/assets/fonts/style.min.css?ver=3.19.0" "Mozilla/5.0 (Windows NT 10.0; Win64; x64) AppleWebKit/537.36 (KHTML, like Gecko) Chrome/143.0.0.0 Safari/537.36"
62.28.20.6 - - [19/Dec/2025:16:53:50 +0000] "GET /wp-content/plugins/elementor/assets/js/frontend.min.js?ver=3.31.2 HTTP/2.0" 200 10366 "https://mutilacaogenitalfeminina.pt/" "Mozilla/5.0 (Windows NT 10.0; Win64; x64) AppleWebKit/537.36 (KHTML, like Gecko) Chrome/143.0.0.0 Safari/537.36"
62.28.20.6 - - [19/Dec/2025:16:53:50 +0000] "GET /wp-content/plugins/google-language-translator/images/flags.png HTTP/2.0" 200 54996 "https://mutilacaogenitalfeminina.pt/wp-content/plugins/google-language-translator/css/style.css?ver=6.0.20" "Mozilla/5.0 (Windows NT 10.0; Win64; x64) AppleWebKit/537.36 (KHTML, like Gecko) Chrome/143.0.0.0 Safari/537.36"
62.28.20.6 - - [19/Dec/2025:16:53:50 +0000] "GET /wp-content/plugins/happy-elementor-addons/assets/js/happy-addons.min.js?ver=3.19.0 HTTP/2.0" 200 8808 "https://mutilacaogenitalfeminina.pt/" "Mozilla/5.0 (Windows NT 10.0; Win64; x64) AppleWebKit/537.36 (KHTML, like Gecko) Chrome/143.0.0.0 Safari/537.36"
62.28.20.6 - - [19/Dec/2025:16:53:50 +0000] "GET /wp-content/plugins/3d-flipbook-dflip-lite/assets/js/dflip.min.js?ver=2.3.75 HTTP/2.0" 200 55951 "https://mutilacaogenitalfeminina.pt/" "Mozilla/5.0 (Windows NT 10.0; Win64; x64) AppleWebKit/537.36 (KHTML, like Gecko) Chrome/143.0.0.0 Safari/537.36"
62.28.20.6 - - [19/Dec/2025:16:53:50 +0000] "GET /wp-content/plugins/happy-elementor-addons/assets/js/extension-reading-progress-bar.min.js?ver=3.19.0 HTTP/2.0" 200 514 "https://mutilacaogenitalfeminina.pt/" "Mozilla/5.0 (Windows NT 10.0; Win64; x64) AppleWebKit/537.36 (KHTML, like Gecko) Chrome/143.0.0.0 Safari/537.36"
62.28.20.6 - - [19/Dec/2025:16:53:50 +0000] "GET /wp-content/plugins/header-footer-elementor/inc/js/frontend.js?ver=2.4.8 HTTP/2.0" 200 3876 "https://mutilacaogenitalfeminina.pt/" "Mozilla/5.0 (Windows NT 10.0; Win64; x64) AppleWebKit/537.36 (KHTML, like Gecko) Chrome/143.0.0.0 Safari/537.36"
62.28.20.6 - - [19/Dec/2025:16:53:50 +0000] "GET /wp-content/plugins/smart-slider-3/Public/SmartSlider3/Application/Frontend/Assets/dist/n2.min.js?ver=52073c7b HTTP/2.0" 200 11968 "https://mutilacaogenitalfeminina.pt/" "Mozilla/5.0 (Windows NT 10.0; Win64; x64) AppleWebKit/537.36 (KHTML, like Gecko) Chrome/143.0.0.0 Safari/537.36"
62.28.20.6 - - [19/Dec/2025:16:53:50 +0000] "GET /wp-content/plugins/smart-slider-3/Public/SmartSlider3/Application/Frontend/Assets/dist/smartslider-frontend.min.js?ver=52073c7b HTTP/2.0" 200 25438 "https://mutilacaogenitalfeminina.pt/" "Mozilla/5.0 (Windows NT 10.0; Win64; x64) AppleWebKit/537.36 (KHTML, like Gecko) Chrome/143.0.0.0 Safari/537.36"
62.28.20.6 - - [19/Dec/2025:16:53:51 +0000] "GET /wp-content/plugins/smart-slider-3/Public/SmartSlider3/Slider/SliderType/Simple/Assets/dist/ss-simple.min.js?ver=52073c7b HTTP/2.0" 200 2951 "https://mutilacaogenitalfeminina.pt/" "Mozilla/5.0 (Windows NT 10.0; Win64; x64) AppleWebKit/537.36 (KHTML, like Gecko) Chrome/143.0.0.0 Safari/537.36"
62.28.20.6 - - [19/Dec/2025:16:53:51 +0000] "GET /wp-content/uploads/2024/11/Imagem-4.webp HTTP/2.0" 200 6428 "https://mutilacaogenitalfeminina.pt/" "Mozilla/5.0 (Windows NT 10.0; Win64; x64) AppleWebKit/537.36 (KHTML, like Gecko) Chrome/143.0.0.0 Safari/537.36"
62.28.20.6 - - [19/Dec/2025:16:53:51 +0000] "GET /wp-content/themes/kadence/assets/js/navigation.min.js?ver=1.2.16 HTTP/2.0" 200 4380 "https://mutilacaogenitalfeminina.pt/" "Mozilla/5.0 (Windows NT 10.0; Win64; x64) AppleWebKit/537.36 (KHTML, like Gecko) Chrome/143.0.0.0 Safari/537.36"
62.28.20.6 - - [19/Dec/2025:16:53:51 +0000] "GET /wp-content/uploads/2024/10/image002-removebg-preview.webp HTTP/2.0" 200 12608 "https://mutilacaogenitalfeminina.pt/" "Mozilla/5.0 (Windows NT 10.0; Win64; x64) AppleWebKit/537.36 (KHTML, like Gecko) Chrome/143.0.0.0 Safari/537.36"
62.28.20.6 - - [19/Dec/2025:16:53:51 +0000] "GET /wp-content/uploads/2024/10/image003-removebg-preview.webp HTTP/2.0" 200 8952 "https://mutilacaogenitalfeminina.pt/" "Mozilla/5.0 (Windows NT 10.0; Win64; x64) AppleWebKit/537.36 (KHTML, like Gecko) Chrome/143.0.0.0 Safari/537.36"
62.28.20.6 - - [19/Dec/2025:16:53:51 +0000] "GET /wp-content/plugins/elementor/assets/lib/font-awesome/webfonts/fa-solid-900.woff2 HTTP/2.0" 200 78196 "https://mutilacaogenitalfeminina.pt/wp-content/plugins/elementor/assets/lib/font-awesome/css/all.min.css?ver=3.31.2" "Mozilla/5.0 (Windows NT 10.0; Win64; x64) AppleWebKit/537.36 (KHTML, like Gecko) Chrome/143.0.0.0 Safari/537.36"
62.28.20.6 - - [19/Dec/2025:16:53:51 +0000] "GET /wp-content/plugins/elementor/assets/js/shared-frontend-handlers.4c8abccc3e268b0767b2.bundle.min.js HTTP/2.0" 200 2529 "https://mutilacaogenitalfeminina.pt/" "Mozilla/5.0 (Windows NT 10.0; Win64; x64) AppleWebKit/537.36 (KHTML, like Gecko) Chrome/143.0.0.0 Safari/537.36"
62.28.20.6 - - [19/Dec/2025:16:53:51 +0000] "GET /wp-content/plugins/elementor/assets/js/text-editor.abc8f59c62f2820dc25a.bundle.min.js HTTP/2.0" 200 619 "https://mutilacaogenitalfeminina.pt/" "Mozilla/5.0 (Windows NT 10.0; Win64; x64) AppleWebKit/537.36 (KHTML, like Gecko) Chrome/143.0.0.0 Safari/537.36"
62.28.20.6 - - [19/Dec/2025:16:53:51 +0000] "GET /wp-includes/js/wp-emoji-release.min.js?ver=6.9 HTTP/2.0" 200 4924 "https://mutilacaogenitalfeminina.pt/" "Mozilla/5.0 (Windows NT 10.0; Win64; x64) AppleWebKit/537.36 (KHTML, like Gecko) Chrome/143.0.0.0 Safari/537.36"
62.28.20.6 - - [19/Dec/2025:16:53:51 +0000] "GET /wp-content/uploads/2024/08/Design-sem-nome-2.webp HTTP/2.0" 200 15952 "https://mutilacaogenitalfeminina.pt/" "Mozilla/5.0 (Windows NT 10.0; Win64; x64) AppleWebKit/537.36 (KHTML, like Gecko) Chrome/143.0.0.0 Safari/537.36"
62.28.20.6 - - [19/Dec/2025:16:53:51 +0000] "GET /wp-content/uploads/2024/07/cropped-Mutilacao-Genital-Feminina-32x32.webp HTTP/2.0" 200 7358 "https://mutilacaogenitalfeminina.pt/" "Mozilla/5.0 (Windows NT 10.0; Win64; x64) AppleWebKit/537.36 (KHTML, like Gecko) Chrome/143.0.0.0 Safari/537.36"
62.28.20.6 - - [19/Dec/2025:16:53:51 +0000] "GET /wp-content/plugins/smart-slider-3/Public/SmartSlider3/Slider/SliderType/Simple/Assets/dist/ss-simple.min.js?ver=52073c7b HTTP/1.0" 200 496 "https://mutilacaogenitalfeminina.pt/" "Mozilla/5.0 (Windows NT 10.0; Win64; x64) AppleWebKit/537.36 (KHTML, like Gecko) Chrome/143.0.0.0 Safari/537.36"
62.28.20.6 - - [19/Dec/2025:16:53:51 +0000] "GET /wp-content/themes/kadence/assets/js/navigation.min.js?ver=1.2.16 HTTP/1.0" 200 442 "https://mutilacaogenitalfeminina.pt/" "Mozilla/5.0 (Windows NT 10.0; Win64; x64) AppleWebKit/537.36 (KHTML, like Gecko) Chrome/143.0.0.0 Safari/537.36"
62.28.20.6 - - [19/Dec/2025:16:53:51 +0000] "GET /wp-content/uploads/2024/11/Imagem-4.webp HTTP/1.0" 200 417 "https://mutilacaogenitalfeminina.pt/" "Mozilla/5.0 (Windows NT 10.0; Win64; x64) AppleWebKit/537.36 (KHTML, like Gecko) Chrome/143.0.0.0 Safari/537.36"
62.28.20.6 - - [19/Dec/2025:16:53:51 +0000] "GET /wp-content/uploads/2024/10/image002-removebg-preview.webp HTTP/1.0" 200 434 "https://mutilacaogenitalfeminina.pt/" "Mozilla/5.0 (Windows NT 10.0; Win64; x64) AppleWebKit/537.36 (KHTML, like Gecko) Chrome/143.0.0.0 Safari/537.36"
62.28.20.6 - - [19/Dec/2025:16:53:51 +0000] "GET /wp-content/uploads/2024/10/image003-removebg-preview.webp HTTP/1.0" 200 434 "https://mutilacaogenitalfeminina.pt/" "Mozilla/5.0 (Windows NT 10.0; Win64; x64) AppleWebKit/537.36 (KHTML, like Gecko) Chrome/143.0.0.0 Safari/537.36"
62.28.20.6 - - [19/Dec/2025:16:53:51 +0000] "GET /wp-content/plugins/elementor/assets/js/shared-frontend-handlers.4c8abccc3e268b0767b2.bundle.min.js HTTP/1.0" 200 487 "https://mutilacaogenitalfeminina.pt/" "Mozilla/5.0 (Windows NT 10.0; Win64; x64) AppleWebKit/537.36 (KHTML, like Gecko) Chrome/143.0.0.0 Safari/537.36"
62.28.20.6 - - [19/Dec/2025:16:53:51 +0000] "GET /wp-content/plugins/elementor/assets/lib/font-awesome/webfonts/fa-solid-900.woff2 HTTP/1.0" 200 431 "https://mutilacaogenitalfeminina.pt/wp-content/plugins/elementor/assets/lib/font-awesome/css/all.min.css?ver=3.31.2" "Mozilla/5.0 (Windows NT 10.0; Win64; x64) AppleWebKit/537.36 (KHTML, like Gecko) Chrome/143.0.0.0 Safari/537.36"
62.28.20.6 - - [19/Dec/2025:16:53:51 +0000] "GET /wp-content/plugins/elementor/assets/js/text-editor.abc8f59c62f2820dc25a.bundle.min.js HTTP/1.0" 200 474 "https://mutilacaogenitalfeminina.pt/" "Mozilla/5.0 (Windows NT 10.0; Win64; x64) AppleWebKit/537.36 (KHTML, like Gecko) Chrome/143.0.0.0 Safari/537.36"
62.28.20.6 - - [19/Dec/2025:16:53:51 +0000] "GET /wp-includes/js/wp-emoji-release.min.js?ver=6.9 HTTP/1.0" 200 427 "https://mutilacaogenitalfeminina.pt/" "Mozilla/5.0 (Windows NT 10.0; Win64; x64) AppleWebKit/537.36 (KHTML, like Gecko) Chrome/143.0.0.0 Safari/537.36"
62.28.20.6 - - [19/Dec/2025:16:53:51 +0000] "GET /wp-content/uploads/2024/08/Design-sem-nome-2.webp HTTP/1.0" 200 426 "https://mutilacaogenitalfeminina.pt/" "Mozilla/5.0 (Windows NT 10.0; Win64; x64) AppleWebKit/537.36 (KHTML, like Gecko) Chrome/143.0.0.0 Safari/537.36"
62.28.20.6 - - [19/Dec/2025:16:53:51 +0000] "GET /wp-content/uploads/2024/07/cropped-Mutilacao-Genital-Feminina-32x32.webp HTTP/1.0" 200 449 "https://mutilacaogenitalfeminina.pt/" "Mozilla/5.0 (Windows NT 10.0; Win64; x64) AppleWebKit/537.36 (KHTML, like Gecko) Chrome/143.0.0.0 Safari/537.36"
62.28.20.6 - - [19/Dec/2025:16:54:04 +0000] "GET /destaques/ HTTP/1.0" 200 116533 "https://mutilacaogenitalfeminina.pt/" "Mozilla/5.0 (Windows NT 10.0; Win64; x64) AppleWebKit/537.36 (KHTML, like Gecko) Chrome/143.0.0.0 Safari/537.36"
62.28.20.6 - - [19/Dec/2025:16:54:05 +0000] "GET /wp-content/uploads/2025/08/Britain-1024x614.png HTTP/1.0" 200 423 "https://mutilacaogenitalfeminina.pt/destaques/" "Mozilla/5.0 (Windows NT 10.0; Win64; x64) AppleWebKit/537.36 (KHTML, like Gecko) Chrome/143.0.0.0 Safari/537.36"
62.28.20.6 - - [19/Dec/2025:16:54:05 +0000] "GET /wp-content/uploads/2025/01/mgf-apresentacao.webp HTTP/1.0" 200 425 "https://mutilacaogenitalfeminina.pt/destaques/" "Mozilla/5.0 (Windows NT 10.0; Win64; x64) AppleWebKit/537.36 (KHTML, like Gecko) Chrome/143.0.0.0 Safari/537.36"
62.28.20.6 - - [19/Dec/2025:16:54:05 +0000] "GET /wp-content/uploads/2025/01/Animedia-removebg-preview.webp HTTP/1.0" 200 434 "https://mutilacaogenitalfeminina.pt/destaques/" "Mozilla/5.0 (Windows NT 10.0; Win64; x64) AppleWebKit/537.36 (KHTML, like Gecko) Chrome/143.0.0.0 Safari/537.36"
62.28.20.6 - - [19/Dec/2025:16:54:05 +0000] "GET /wp-content/uploads/2024/08/Design-sem-nome-2-1024x604.webp HTTP/1.0" 200 435 "https://mutilacaogenitalfeminina.pt/destaques/" "Mozilla/5.0 (Windows NT 10.0; Win64; x64) AppleWebKit/537.36 (KHTML, like Gecko) Chrome/143.0.0.0 Safari/537.36"
62.28.20.6 - - [19/Dec/2025:16:54:05 +0000] "GET /wp-content/uploads/2024/10/png-transparent-google-docs-form-google-purple-violet-text-thumbnail-removebg-preview.webp HTTP/1.0" 200 494 "https://mutilacaogenitalfeminina.pt/destaques/" "Mozilla/5.0 (Windows NT 10.0; Win64; x64) AppleWebKit/537.36 (KHTML, like Gecko) Chrome/143.0.0.0 Safari/537.36"
62.28.20.6 - - [19/Dec/2025:16:54:05 +0000] "GET /wp-content/uploads/2025/08/Britain-1024x614.png HTTP/2.0" 200 18354 "https://mutilacaogenitalfeminina.pt/destaques/" "Mozilla/5.0 (Windows NT 10.0; Win64; x64) AppleWebKit/537.36 (KHTML, like Gecko) Chrome/143.0.0.0 Safari/537.36"
62.28.20.6 - - [19/Dec/2025:16:54:05 +0000] "GET /wp-content/uploads/2025/01/mgf-apresentacao.webp HTTP/2.0" 200 52292 "https://mutilacaogenitalfeminina.pt/destaques/" "Mozilla/5.0 (Windows NT 10.0; Win64; x64) AppleWebKit/537.36 (KHTML, like Gecko) Chrome/143.0.0.0 Safari/537.36"
62.28.20.6 - - [19/Dec/2025:16:54:05 +0000] "GET /wp-content/uploads/2025/01/Animedia-removebg-preview.webp HTTP/2.0" 200 9094 "https://mutilacaogenitalfeminina.pt/destaques/" "Mozilla/5.0 (Windows NT 10.0; Win64; x64) AppleWebKit/537.36 (KHTML, like Gecko) Chrome/143.0.0.0 Safari/537.36"
62.28.20.6 - - [19/Dec/2025:16:54:05 +0000] "GET /wp-content/uploads/2024/08/Design-sem-nome-2-1024x604.webp HTTP/2.0" 200 21590 "https://mutilacaogenitalfeminina.pt/destaques/" "Mozilla/5.0 (Windows NT 10.0; Win64; x64) AppleWebKit/537.36 (KHTML, like Gecko) Chrome/143.0.0.0 Safari/537.36"
62.28.20.6 - - [19/Dec/2025:16:54:05 +0000] "GET /wp-content/uploads/2024/10/png-transparent-google-docs-form-google-purple-violet-text-thumbnail-removebg-preview.webp HTTP/2.0" 200 11030 "https://mutilacaogenitalfeminina.pt/destaques/" "Mozilla/5.0 (Windows NT 10.0; Win64; x64) AppleWebKit/537.36 (KHTML, like Gecko) Chrome/143.0.0.0 Safari/537.36"
62.28.20.6 - - [19/Dec/2025:16:55:13 +0000] "GET /casamentos-infantis-precoces-e-ou-forcados-cipf/ HTTP/1.0" 200 120290 "https://mutilacaogenitalfeminina.pt/destaques/" "Mozilla/5.0 (Windows NT 10.0; Win64; x64) AppleWebKit/537.36 (KHTML, like Gecko) Chrome/143.0.0.0 Safari/537.36"
62.28.20.6 - - [19/Dec/2025:16:55:14 +0000] "GET /wp-content/uploads/elementor/css/post-901.css?ver=1766082197 HTTP/1.0" 200 420 "https://mutilacaogenitalfeminina.pt/casamentos-infantis-precoces-e-ou-forcados-cipf/" "Mozilla/5.0 (Windows NT 10.0; Win64; x64) AppleWebKit/537.36 (KHTML, like Gecko) Chrome/143.0.0.0 Safari/537.36"
62.28.20.6 - - [19/Dec/2025:16:55:14 +0000] "GET /wp-content/uploads/2025/08/Casamentos-Infantis-Precoces-e-ou-Forcados-CIPF-1536x1024.webp HTTP/1.0" 200 466 "https://mutilacaogenitalfeminina.pt/casamentos-infantis-precoces-e-ou-forcados-cipf/" "Mozilla/5.0 (Windows NT 10.0; Win64; x64) AppleWebKit/537.36 (KHTML, like Gecko) Chrome/143.0.0.0 Safari/537.36"
62.28.20.6 - - [19/Dec/2025:16:55:14 +0000] "GET /wp-content/uploads/elementor/css/post-901.css?ver=1766082197 HTTP/2.0" 200 731 "https://mutilacaogenitalfeminina.pt/casamentos-infantis-precoces-e-ou-forcados-cipf/" "Mozilla/5.0 (Windows NT 10.0; Win64; x64) AppleWebKit/537.36 (KHTML, like Gecko) Chrome/143.0.0.0 Safari/537.36"
62.28.20.6 - - [19/Dec/2025:16:55:14 +0000] "GET /wp-content/uploads/2025/08/Casamentos-Infantis-Precoces-e-ou-Forcados-CIPF-1536x1024.webp HTTP/2.0" 200 133686 "https://mutilacaogenitalfeminina.pt/casamentos-infantis-precoces-e-ou-forcados-cipf/" "Mozilla/5.0 (Windows NT 10.0; Win64; x64) AppleWebKit/537.36 (KHTML, like Gecko) Chrome/143.0.0.0 Safari/537.36"
209.141.40.130 - - [19/Dec/2025:16:55:39 +0000] "GET /wp-login.php HTTP/1.0" 200 12080 "-" "Mozilla/5.0 (iPhone; CPU iPhone OS 7_1_1 like Mac OS X) AppleWebKit/537.51.2 (KHTML, like Gecko) Version/7.0 Mobile/11D201 Safari/9537.53"
62.28.20.6 - - [19/Dec/2025:16:55:40 +0000] "GET /mutilacao-genital-feminina-o-que-e/ HTTP/1.0" 200 117567 "https://mutilacaogenitalfeminina.pt/casamentos-infantis-precoces-e-ou-forcados-cipf/" "Mozilla/5.0 (Windows NT 10.0; Win64; x64) AppleWebKit/537.36 (KHTML, like Gecko) Chrome/143.0.0.0 Safari/537.36"
62.28.20.6 - - [19/Dec/2025:16:55:40 +0000] "GET /wp-content/uploads/elementor/css/post-58.css?ver=1766136135 HTTP/1.0" 200 419 "https://mutilacaogenitalfeminina.pt/mutilacao-genital-feminina-o-que-e/" "Mozilla/5.0 (Windows NT 10.0; Win64; x64) AppleWebKit/537.36 (KHTML, like Gecko) Chrome/143.0.0.0 Safari/537.36"
62.28.20.6 - - [19/Dec/2025:16:55:40 +0000] "GET /wp-content/uploads/2024/08/Tipo-1.webp HTTP/1.0" 200 415 "https://mutilacaogenitalfeminina.pt/mutilacao-genital-feminina-o-que-e/" "Mozilla/5.0 (Windows NT 10.0; Win64; x64) AppleWebKit/537.36 (KHTML, like Gecko) Chrome/143.0.0.0 Safari/537.36"
62.28.20.6 - - [19/Dec/2025:16:55:40 +0000] "GET /wp-content/uploads/2024/08/Tipo-2.webp HTTP/1.0" 200 415 "https://mutilacaogenitalfeminina.pt/mutilacao-genital-feminina-o-que-e/" "Mozilla/5.0 (Windows NT 10.0; Win64; x64) AppleWebKit/537.36 (KHTML, like Gecko) Chrome/143.0.0.0 Safari/537.36"
62.28.20.6 - - [19/Dec/2025:16:55:40 +0000] "GET /wp-content/uploads/2024/08/Tipo-3.webp HTTP/1.0" 200 415 "https://mutilacaogenitalfeminina.pt/mutilacao-genital-feminina-o-que-e/" "Mozilla/5.0 (Windows NT 10.0; Win64; x64) AppleWebKit/537.36 (KHTML, like Gecko) Chrome/143.0.0.0 Safari/537.36"
62.28.20.6 - - [19/Dec/2025:16:55:40 +0000] "GET /wp-content/uploads/elementor/css/post-58.css?ver=1766136135 HTTP/2.0" 200 1256 "https://mutilacaogenitalfeminina.pt/mutilacao-genital-feminina-o-que-e/" "Mozilla/5.0 (Windows NT 10.0; Win64; x64) AppleWebKit/537.36 (KHTML, like Gecko) Chrome/143.0.0.0 Safari/537.36"
62.28.20.6 - - [19/Dec/2025:16:55:40 +0000] "GET /wp-content/uploads/2024/08/Tipo-1.webp HTTP/2.0" 200 5064 "https://mutilacaogenitalfeminina.pt/mutilacao-genital-feminina-o-que-e/" "Mozilla/5.0 (Windows NT 10.0; Win64; x64) AppleWebKit/537.36 (KHTML, like Gecko) Chrome/143.0.0.0 Safari/537.36"
62.28.20.6 - - [19/Dec/2025:16:55:40 +0000] "GET /wp-content/uploads/2024/08/Tipo-2.webp HTTP/2.0" 200 3640 "https://mutilacaogenitalfeminina.pt/mutilacao-genital-feminina-o-que-e/" "Mozilla/5.0 (Windows NT 10.0; Win64; x64) AppleWebKit/537.36 (KHTML, like Gecko) Chrome/143.0.0.0 Safari/537.36"
62.28.20.6 - - [19/Dec/2025:16:55:40 +0000] "GET /wp-content/uploads/2024/08/Tipo-3.webp HTTP/2.0" 200 4680 "https://mutilacaogenitalfeminina.pt/mutilacao-genital-feminina-o-que-e/" "Mozilla/5.0 (Windows NT 10.0; Win64; x64) AppleWebKit/537.36 (KHTML, like Gecko) Chrome/143.0.0.0 Safari/537.36"
209.141.40.130 - - [19/Dec/2025:16:55:41 +0000] "POST /wp-login.php HTTP/1.0" 200 12516 "-" "Mozilla/5.0 (iPhone; CPU iPhone OS 7_1_1 like Mac OS X) AppleWebKit/537.51.2 (KHTML, like Gecko) Version/7.0 Mobile/11D201 Safari/9537.53"
62.28.20.6 - - [19/Dec/2025:16:56:15 +0000] "GET /documentos/ HTTP/1.0" 200 600908 "https://mutilacaogenitalfeminina.pt/mutilacao-genital-feminina-o-que-e/" "Mozilla/5.0 (Windows NT 10.0; Win64; x64) AppleWebKit/537.36 (KHTML, like Gecko) Chrome/143.0.0.0 Safari/537.36"
62.28.20.6 - - [19/Dec/2025:16:56:16 +0000] "GET /logo?ver=1&sid=7ddc46c9c1086cdb3bc11bc91f12833b&t=17589460761 HTTP/1.0" 404 96791 "https://mutilacaogenitalfeminina.pt/documentos/" "Mozilla/5.0 (Windows NT 10.0; Win64; x64) AppleWebKit/537.36 (KHTML, like Gecko) Chrome/143.0.0.0 Safari/537.36"
62.28.20.6 - - [19/Dec/2025:16:56:16 +0000] "POST /log_rt_blocks_order HTTP/1.0" 404 96820 "https://mutilacaogenitalfeminina.pt/documentos/" "Mozilla/5.0 (Windows NT 10.0; Win64; x64) AppleWebKit/537.36 (KHTML, like Gecko) Chrome/143.0.0.0 Safari/537.36"
62.28.20.6 - - [19/Dec/2025:16:56:16 +0000] "GET /js_tracking?ref_action=hotel&stype=1&ver=2&aid=356980&pid=a8c81d0eb7550190&sid=7ddc46c9c1086cdb3bc11bc91f12833b&lang=id&ete=&etg=&etcg=&ets=eWHMcCcCcCSYeJZOIYCZYPfWRHZGFGHbOPHe|1,eWHMeDUfUMVBFUPJUKBSWIKdFHfMTXEUDae|2,eWHMeDUfUMVBFUPJUKBSWIKdFHfMTXEUDae|3,eWHMeDUfUMVBFUPJUKBSWIKdFHfMTXEUDae|9&etgwv=&m=UmFuZG9tSVYkc2RlIyh9YfaiCLcK1VA-dX06n2V2-jYDycaOH0W_VWrPNG7hs0lAOyRcp-XPweGxsMcj-hxtQN3v7RX2gbb1z2JpZ9-y2_Iyq98QbaQNDgn7nkYi8AdM3M1pdx5Y9HNHk2BUqls4iIdKWF0xb0b_THM4FdRr-63OwDDOyDsR4qcwps-3NAtK6vN9IK-PsbUDA0y-I7R0uqc5YoZXtUikmGwAMhDv3pYIxbv2E7pSDJp9PRxbHXcTapOqeL8_SAk HTTP/1.0" 404 96820 "https://mutilacaogenitalfeminina.pt/documentos/" "Mozilla/5.0 (Windows NT 10.0; Win64; x64) AppleWebKit/537.36 (KHTML, like Gecko) Chrome/143.0.0.0 Safari/537.36"
74.125.150.1 - - [19/Dec/2025:16:56:18 +0000] "GET /documentos/?gtm_latency=1 HTTP/1.0" 200 600908 "-" "Mozilla/5.0 (Linux; Android 6.0.1; Nexus 5X Build/MMB29P) AppleWebKit/537.36 (KHTML, like Gecko) Chrome/141.0.7390.122 Mobile Safari/537.36"
62.28.20.6 - - [19/Dec/2025:16:56:17 +0000] "POST /js_tracking?ref_action=hotel&stype=1&ver=2&aid=356980&pid=a8c81d0eb7550190&sid=7ddc46c9c1086cdb3bc11bc91f12833b&lang=id&m=UmFuZG9tSVYkc2RlIyh9YfaiCLcK1VA-dX06n2V2-jYDycaOH0W_VWrPNG7hs0lAOyRcp-XPweGxsMcj-hxtQN3v7RX2gbb1z2JpZ9-y2_Iyq98QbaQNDgn7nkYi8AdM3M1pdx5Y9HNHk2BUqls4iIdKWF0xb0b_THM4FdRr-63OwDDOyDsR4qcwps-3NAtK6vN9IK-PsbUDA0y-I7R0uqc5YoZXtUikmGwAMhDv3pYIxbv2E7pSDJp9PRxbHXcTapOqeL8_SAk&etgwv=js_onload_resource_transfer_size|1218&_=1766163377251 HTTP/1.0" 404 96820 "https://mutilacaogenitalfeminina.pt/documentos/" "Mozilla/5.0 (Windows NT 10.0; Win64; x64) AppleWebKit/537.36 (KHTML, like Gecko) Chrome/143.0.0.0 Safari/537.36"
62.28.20.6 - - [19/Dec/2025:16:56:16 +0000] "POST /acid_carousel HTTP/1.0" 404 96791 "https://mutilacaogenitalfeminina.pt/documentos/" "Mozilla/5.0 (Windows NT 10.0; Win64; x64) AppleWebKit/537.36 (KHTML, like Gecko) Chrome/143.0.0.0 Safari/537.36"
62.28.20.6 - - [19/Dec/2025:16:56:17 +0000] "POST /cdn-cgi/rum? HTTP/1.0" 404 96791 "https://mutilacaogenitalfeminina.pt/documentos/" "Mozilla/5.0 (Windows NT 10.0; Win64; x64) AppleWebKit/537.36 (KHTML, like Gecko) Chrome/143.0.0.0 Safari/537.36"
62.28.20.6 - - [19/Dec/2025:16:56:17 +0000] "POST /c360/v1/track HTTP/1.0" 404 96626 "https://mutilacaogenitalfeminina.pt/documentos/" "Mozilla/5.0 (Windows NT 10.0; Win64; x64) AppleWebKit/537.36 (KHTML, like Gecko) Chrome/143.0.0.0 Safari/537.36"
62.28.20.6 - - [19/Dec/2025:16:56:17 +0000] "POST /js_tracking?ref_action=hotel&stype=1&ver=2&aid=356980&pid=a8c81d0eb7550190&sid=7ddc46c9c1086cdb3bc11bc91f12833b&lang=id&m=UmFuZG9tSVYkc2RlIyh9YfaiCLcK1VA-dX06n2V2-jYDycaOH0W_VWrPNG7hs0lAOyRcp-XPweGxsMcj-hxtQN3v7RX2gbb1z2JpZ9-y2_Iyq98QbaQNDgn7nkYi8AdM3M1pdx5Y9HNHk2BUqls4iIdKWF0xb0b_THM4FdRr-63OwDDOyDsR4qcwps-3NAtK6vN9IK-PsbUDA0y-I7R0uqc5YoZXtUikmGwAMhDv3pYIxbv2E7pSDJp9PRxbHXcTapOqeL8_SAk&etgwv=js_onload_resource_transfer_size%7C1218&_=1766163377252 HTTP/1.0" 404 96791 "https://mutilacaogenitalfeminina.pt/documentos/" "Mozilla/5.0 (Windows NT 10.0; Win64; x64) AppleWebKit/537.36 (KHTML, like Gecko) Chrome/143.0.0.0 Safari/537.36"
62.28.20.6 - - [19/Dec/2025:16:56:18 +0000] "GET /js_tracking?ref_action=hotel&stype=1&ver=2&aid=356980&pid=a8c81d0eb7550190&sid=7ddc46c9c1086cdb3bc11bc91f12833b&lang=id&ete=&etg=&etcg=&ets=eWHMcCcCcCSYeJZOIYCZYPfWRHZGFGHbOPHe|1,eWHMeDUfUMVBFUPJUKBSWIKdFHfMTXEUDae|2,eWHMeDUfUMVBFUPJUKBSWIKdFHfMTXEUDae|3,eWHMeDUfUMVBFUPJUKBSWIKdFHfMTXEUDae|9&etgwv=&m=UmFuZG9tSVYkc2RlIyh9YfaiCLcK1VA-dX06n2V2-jYDycaOH0W_VWrPNG7hs0lAOyRcp-XPweGxsMcj-hxtQN3v7RX2gbb1z2JpZ9-y2_Iyq98QbaQNDgn7nkYi8AdM3M1pdx5Y9HNHk2BUqls4iIdKWF0xb0b_THM4FdRr-63OwDDOyDsR4qcwps-3NAtK6vN9IK-PsbUDA0y-I7R0uqc5YoZXtUikmGwAMhDv3pYIxbv2E7pSDJp9PRxbHXcTapOqeL8_SAk HTTP/1.0" 404 96820 "https://mutilacaogenitalfeminina.pt/documentos/" "Mozilla/5.0 (Windows NT 10.0; Win64; x64) AppleWebKit/537.36 (KHTML, like Gecko) Chrome/143.0.0.0 Safari/537.36"
62.28.20.6 - - [19/Dec/2025:16:56:18 +0000] "POST /navigation_times HTTP/1.0" 404 96791 "https://mutilacaogenitalfeminina.pt/documentos/" "Mozilla/5.0 (Windows NT 10.0; Win64; x64) AppleWebKit/537.36 (KHTML, like Gecko) Chrome/143.0.0.0 Safari/537.36"
62.28.20.6 - - [19/Dec/2025:16:56:19 +0000] "GET /js_tracking?ref_action=hotel&stype=1&ver=2&aid=356980&pid=a8c81d0eb7550190&sid=7ddc46c9c1086cdb3bc11bc91f12833b&lang=id&ete=&etg=&etcg=&ets=eWHMcCcCcCSYeJZOIYCZYPfWRHZGFGHbOPHe|1,eWHMeDUfUMVBFUPJUKBSWIKdFHfMTXEUDae|2,eWHMeDUfUMVBFUPJUKBSWIKdFHfMTXEUDae|3,eWHMeDUfUMVBFUPJUKBSWIKdFHfMTXEUDae|9&etgwv=&m=UmFuZG9tSVYkc2RlIyh9YfaiCLcK1VA-dX06n2V2-jYDycaOH0W_VWrPNG7hs0lAOyRcp-XPweGxsMcj-hxtQN3v7RX2gbb1z2JpZ9-y2_Iyq98QbaQNDgn7nkYi8AdM3M1pdx5Y9HNHk2BUqls4iIdKWF0xb0b_THM4FdRr-63OwDDOyDsR4qcwps-3NAtK6vN9IK-PsbUDA0y-I7R0uqc5YoZXtUikmGwAMhDv3pYIxbv2E7pSDJp9PRxbHXcTapOqeL8_SAk HTTP/1.0" 404 96791 "https://mutilacaogenitalfeminina.pt/documentos/" "Mozilla/5.0 (Windows NT 10.0; Win64; x64) AppleWebKit/537.36 (KHTML, like Gecko) Chrome/143.0.0.0 Safari/537.36"
74.125.150.2 - - [19/Dec/2025:16:56:20 +0000] "GET /logo?ver=1&sid=7ddc46c9c1086cdb3bc11bc91f12833b&t=17589460761 HTTP/1.0" 404 96791 "https://mutilacaogenitalfeminina.pt/documentos/?gtm_latency=1" "Mozilla/5.0 (Linux; Android 6.0.1; Nexus 5X Build/MMB29P) AppleWebKit/537.36 (KHTML, like Gecko) Chrome/141.0.7390.122 Mobile Safari/537.36"
62.28.20.6 - - [19/Dec/2025:16:56:20 +0000] "GET /js_tracking?ref_action=hotel&stype=1&ver=2&aid=356980&pid=a8c81d0eb7550190&sid=7ddc46c9c1086cdb3bc11bc91f12833b&lang=id&ete=&etg=&etcg=&ets=eWHMcCcCcCSYeJZOIYCZYPfWRHZGFGHbOPHe|1,eWHMeDUfUMVBFUPJUKBSWIKdFHfMTXEUDae|2,eWHMeDUfUMVBFUPJUKBSWIKdFHfMTXEUDae|3,eWHMeDUfUMVBFUPJUKBSWIKdFHfMTXEUDae|9&etgwv=&m=UmFuZG9tSVYkc2RlIyh9YfaiCLcK1VA-dX06n2V2-jYDycaOH0W_VWrPNG7hs0lAOyRcp-XPweGxsMcj-hxtQN3v7RX2gbb1z2JpZ9-y2_Iyq98QbaQNDgn7nkYi8AdM3M1pdx5Y9HNHk2BUqls4iIdKWF0xb0b_THM4FdRr-63OwDDOyDsR4qcwps-3NAtK6vN9IK-PsbUDA0y-I7R0uqc5YoZXtUikmGwAMhDv3pYIxbv2E7pSDJp9PRxbHXcTapOqeL8_SAk HTTP/1.0" 404 96791 "https://mutilacaogenitalfeminina.pt/documentos/" "Mozilla/5.0 (Windows NT 10.0; Win64; x64) AppleWebKit/537.36 (KHTML, like Gecko) Chrome/143.0.0.0 Safari/537.36"
74.125.150.3 - - [19/Dec/2025:16:56:21 +0000] "POST /acid_carousel HTTP/1.0" 404 96791 "https://mutilacaogenitalfeminina.pt/documentos/?gtm_latency=1" "Mozilla/5.0 (Linux; Android 6.0.1; Nexus 5X Build/MMB29P) AppleWebKit/537.36 (KHTML, like Gecko) Chrome/141.0.7390.122 Mobile Safari/537.36"
62.28.20.6 - - [19/Dec/2025:16:56:21 +0000] "GET /js_tracking?ref_action=hotel&stype=1&ver=2&aid=356980&pid=a8c81d0eb7550190&sid=7ddc46c9c1086cdb3bc11bc91f12833b&lang=id&ete=&etg=&etcg=&ets=eWHMcCcCcCSYeJZOIYCZYPfWRHZGFGHbOPHe|1,eWHMeDUfUMVBFUPJUKBSWIKdFHfMTXEUDae|2,eWHMeDUfUMVBFUPJUKBSWIKdFHfMTXEUDae|3,eWHMeDUfUMVBFUPJUKBSWIKdFHfMTXEUDae|9&etgwv=&m=UmFuZG9tSVYkc2RlIyh9YfaiCLcK1VA-dX06n2V2-jYDycaOH0W_VWrPNG7hs0lAOyRcp-XPweGxsMcj-hxtQN3v7RX2gbb1z2JpZ9-y2_Iyq98QbaQNDgn7nkYi8AdM3M1pdx5Y9HNHk2BUqls4iIdKWF0xb0b_THM4FdRr-63OwDDOyDsR4qcwps-3NAtK6vN9IK-PsbUDA0y-I7R0uqc5YoZXtUikmGwAMhDv3pYIxbv2E7pSDJp9PRxbHXcTapOqeL8_SAk HTTP/1.0" 404 96791 "https://mutilacaogenitalfeminina.pt/documentos/" "Mozilla/5.0 (Windows NT 10.0; Win64; x64) AppleWebKit/537.36 (KHTML, like Gecko) Chrome/143.0.0.0 Safari/537.36"
74.125.150.1 - - [19/Dec/2025:16:56:22 +0000] "POST /log_rt_blocks_order HTTP/1.0" 404 96791 "https://mutilacaogenitalfeminina.pt/documentos/?gtm_latency=1" "Mozilla/5.0 (Linux; Android 6.0.1; Nexus 5X Build/MMB29P) AppleWebKit/537.36 (KHTML, like Gecko) Chrome/141.0.7390.122 Mobile Safari/537.36"
62.28.20.6 - - [19/Dec/2025:16:56:23 +0000] "GET /js_tracking?ref_action=hotel&stype=1&ver=2&aid=356980&pid=a8c81d0eb7550190&sid=7ddc46c9c1086cdb3bc11bc91f12833b&lang=id&ete=&etg=&etcg=&ets=eWHMcCcCcCSYeJZOIYCZYPfWRHZGFGHbOPHe|1,eWHMeDUfUMVBFUPJUKBSWIKdFHfMTXEUDae|2,eWHMeDUfUMVBFUPJUKBSWIKdFHfMTXEUDae|3,eWHMeDUfUMVBFUPJUKBSWIKdFHfMTXEUDae|9&etgwv=&m=UmFuZG9tSVYkc2RlIyh9YfaiCLcK1VA-dX06n2V2-jYDycaOH0W_VWrPNG7hs0lAOyRcp-XPweGxsMcj-hxtQN3v7RX2gbb1z2JpZ9-y2_Iyq98QbaQNDgn7nkYi8AdM3M1pdx5Y9HNHk2BUqls4iIdKWF0xb0b_THM4FdRr-63OwDDOyDsR4qcwps-3NAtK6vN9IK-PsbUDA0y-I7R0uqc5YoZXtUikmGwAMhDv3pYIxbv2E7pSDJp9PRxbHXcTapOqeL8_SAk HTTP/1.0" 404 96791 "https://mutilacaogenitalfeminina.pt/documentos/" "Mozilla/5.0 (Windows NT 10.0; Win64; x64) AppleWebKit/537.36 (KHTML, like Gecko) Chrome/143.0.0.0 Safari/537.36"
74.125.150.2 - - [19/Dec/2025:16:56:23 +0000] "POST /cdn-cgi/rum? HTTP/1.0" 404 96791 "https://mutilacaogenitalfeminina.pt/documentos/?gtm_latency=1" "Mozilla/5.0 (Linux; Android 6.0.1; Nexus 5X Build/MMB29P) AppleWebKit/537.36 (KHTML, like Gecko) Chrome/141.0.7390.122 Mobile Safari/537.36"
62.28.20.6 - - [19/Dec/2025:16:56:24 +0000] "GET /js_tracking?ref_action=hotel&stype=1&ver=2&aid=356980&pid=a8c81d0eb7550190&sid=7ddc46c9c1086cdb3bc11bc91f12833b&lang=id&ete=&etg=&etcg=&ets=eWHMcCcCcCSYeJZOIYCZYPfWRHZGFGHbOPHe|1,eWHMeDUfUMVBFUPJUKBSWIKdFHfMTXEUDae|2,eWHMeDUfUMVBFUPJUKBSWIKdFHfMTXEUDae|3,eWHMeDUfUMVBFUPJUKBSWIKdFHfMTXEUDae|9&etgwv=&m=UmFuZG9tSVYkc2RlIyh9YfaiCLcK1VA-dX06n2V2-jYDycaOH0W_VWrPNG7hs0lAOyRcp-XPweGxsMcj-hxtQN3v7RX2gbb1z2JpZ9-y2_Iyq98QbaQNDgn7nkYi8AdM3M1pdx5Y9HNHk2BUqls4iIdKWF0xb0b_THM4FdRr-63OwDDOyDsR4qcwps-3NAtK6vN9IK-PsbUDA0y-I7R0uqc5YoZXtUikmGwAMhDv3pYIxbv2E7pSDJp9PRxbHXcTapOqeL8_SAk HTTP/1.0" 404 96791 "https://mutilacaogenitalfeminina.pt/documentos/" "Mozilla/5.0 (Windows NT 10.0; Win64; x64) AppleWebKit/537.36 (KHTML, like Gecko) Chrome/143.0.0.0 Safari/537.36"
62.28.20.6 - - [19/Dec/2025:16:56:25 +0000] "GET /js_tracking?ref_action=hotel&stype=1&ver=2&aid=356980&pid=a8c81d0eb7550190&sid=7ddc46c9c1086cdb3bc11bc91f12833b&lang=id&ete=&etg=&etcg=&ets=eWHMcCcCcCSYeJZOIYCZYPfWRHZGFGHbOPHe|1,eWHMeDUfUMVBFUPJUKBSWIKdFHfMTXEUDae|2,eWHMeDUfUMVBFUPJUKBSWIKdFHfMTXEUDae|3,eWHMeDUfUMVBFUPJUKBSWIKdFHfMTXEUDae|9&etgwv=&m=UmFuZG9tSVYkc2RlIyh9YfaiCLcK1VA-dX06n2V2-jYDycaOH0W_VWrPNG7hs0lAOyRcp-XPweGxsMcj-hxtQN3v7RX2gbb1z2JpZ9-y2_Iyq98QbaQNDgn7nkYi8AdM3M1pdx5Y9HNHk2BUqls4iIdKWF0xb0b_THM4FdRr-63OwDDOyDsR4qcwps-3NAtK6vN9IK-PsbUDA0y-I7R0uqc5YoZXtUikmGwAMhDv3pYIxbv2E7pSDJp9PRxbHXcTapOqeL8_SAk HTTP/1.0" 404 96791 "https://mutilacaogenitalfeminina.pt/documentos/" "Mozilla/5.0 (Windows NT 10.0; Win64; x64) AppleWebKit/537.36 (KHTML, like Gecko) Chrome/143.0.0.0 Safari/537.36"
74.125.150.1 - - [19/Dec/2025:16:56:26 +0000] "GET /documentos/?gtm_latency=1 HTTP/1.0" 200 600879 "-" "Mozilla/5.0 (Linux; Android 6.0.1; Nexus 5X Build/MMB29P) AppleWebKit/537.36 (KHTML, like Gecko) Chrome/141.0.7390.122 Mobile Safari/537.36"
62.28.20.6 - - [19/Dec/2025:16:56:27 +0000] "GET /js_tracking?ref_action=hotel&stype=1&ver=2&aid=356980&pid=a8c81d0eb7550190&sid=7ddc46c9c1086cdb3bc11bc91f12833b&lang=id&ete=&etg=&etcg=&ets=eWHMcCcCcCSYeJZOIYCZYPfWRHZGFGHbOPHe|1,eWHMeDUfUMVBFUPJUKBSWIKdFHfMTXEUDae|2,eWHMeDUfUMVBFUPJUKBSWIKdFHfMTXEUDae|3,eWHMeDUfUMVBFUPJUKBSWIKdFHfMTXEUDae|9&etgwv=&m=UmFuZG9tSVYkc2RlIyh9YfaiCLcK1VA-dX06n2V2-jYDycaOH0W_VWrPNG7hs0lAOyRcp-XPweGxsMcj-hxtQN3v7RX2gbb1z2JpZ9-y2_Iyq98QbaQNDgn7nkYi8AdM3M1pdx5Y9HNHk2BUqls4iIdKWF0xb0b_THM4FdRr-63OwDDOyDsR4qcwps-3NAtK6vN9IK-PsbUDA0y-I7R0uqc5YoZXtUikmGwAMhDv3pYIxbv2E7pSDJp9PRxbHXcTapOqeL8_SAk HTTP/1.0" 404 96791 "https://mutilacaogenitalfeminina.pt/documentos/" "Mozilla/5.0 (Windows NT 10.0; Win64; x64) AppleWebKit/537.36 (KHTML, like Gecko) Chrome/143.0.0.0 Safari/537.36"
62.28.20.6 - - [19/Dec/2025:16:56:28 +0000] "GET /js_tracking?ref_action=hotel&stype=1&ver=2&aid=356980&pid=a8c81d0eb7550190&sid=7ddc46c9c1086cdb3bc11bc91f12833b&lang=id&ete=&etg=&etcg=&ets=eWHMcCcCcCSYeJZOIYCZYPfWRHZGFGHbOPHe|1,eWHMeDUfUMVBFUPJUKBSWIKdFHfMTXEUDae|2,eWHMeDUfUMVBFUPJUKBSWIKdFHfMTXEUDae|3,eWHMeDUfUMVBFUPJUKBSWIKdFHfMTXEUDae|9&etgwv=&m=UmFuZG9tSVYkc2RlIyh9YfaiCLcK1VA-dX06n2V2-jYDycaOH0W_VWrPNG7hs0lAOyRcp-XPweGxsMcj-hxtQN3v7RX2gbb1z2JpZ9-y2_Iyq98QbaQNDgn7nkYi8AdM3M1pdx5Y9HNHk2BUqls4iIdKWF0xb0b_THM4FdRr-63OwDDOyDsR4qcwps-3NAtK6vN9IK-PsbUDA0y-I7R0uqc5YoZXtUikmGwAMhDv3pYIxbv2E7pSDJp9PRxbHXcTapOqeL8_SAk HTTP/1.0" 404 96791 "https://mutilacaogenitalfeminina.pt/documentos/" "Mozilla/5.0 (Windows NT 10.0; Win64; x64) AppleWebKit/537.36 (KHTML, like Gecko) Chrome/143.0.0.0 Safari/537.36"
74.125.150.1 - - [19/Dec/2025:16:56:28 +0000] "GET /logo?ver=1&sid=7ddc46c9c1086cdb3bc11bc91f12833b&t=17589460761 HTTP/1.0" 404 96791 "https://mutilacaogenitalfeminina.pt/documentos/?gtm_latency=1" "Mozilla/5.0 (Linux; Android 6.0.1; Nexus 5X Build/MMB29P) AppleWebKit/537.36 (KHTML, like Gecko) Chrome/141.0.7390.122 Mobile Safari/537.36"
74.125.150.1 - - [19/Dec/2025:16:56:29 +0000] "POST /acid_carousel HTTP/1.0" 404 96791 "https://mutilacaogenitalfeminina.pt/documentos/?gtm_latency=1" "Mozilla/5.0 (Linux; Android 6.0.1; Nexus 5X Build/MMB29P) AppleWebKit/537.36 (KHTML, like Gecko) Chrome/141.0.7390.122 Mobile Safari/537.36"
74.125.150.1 - - [19/Dec/2025:16:56:30 +0000] "POST /log_rt_blocks_order HTTP/1.0" 404 96791 "https://mutilacaogenitalfeminina.pt/documentos/?gtm_latency=1" "Mozilla/5.0 (Linux; Android 6.0.1; Nexus 5X Build/MMB29P) AppleWebKit/537.36 (KHTML, like Gecko) Chrome/141.0.7390.122 Mobile Safari/537.36"
74.125.150.2 - - [19/Dec/2025:16:56:32 +0000] "POST /cdn-cgi/rum? HTTP/1.0" 404 96791 "https://mutilacaogenitalfeminina.pt/documentos/?gtm_latency=1" "Mozilla/5.0 (Linux; Android 6.0.1; Nexus 5X Build/MMB29P) AppleWebKit/537.36 (KHTML, like Gecko) Chrome/141.0.7390.122 Mobile Safari/537.36"
74.125.150.2 - - [19/Dec/2025:16:56:38 +0000] "GET /js_tracking?ref_action=hotel&stype=1&ver=2&aid=356980&pid=a8c81d0eb7550190&sid=7ddc46c9c1086cdb3bc11bc91f12833b&lang=id&ete=&etg=hp_property_description_seen&etcg=&ets=eWHMcCcCcCSYeJZOIYCZYPfWRHZGFGHbOPHe|1,eWHMeDUfUMVBFUPJUKBSWIKdFHfMTXEUDae|2,eWHMeDUfUMVBFUPJUKBSWIKdFHfMTXEUDae|3,eWHMeDUfUMVBFUPJUKBSWIKdFHfMTXEUDae|9&etgwv=&m=UmFuZG9tSVYkc2RlIyh9YfaiCLcK1VA-dX06n2V2-jYDycaOH0W_VWrPNG7hs0lAOyRcp-XPweGxsMcj-hxtQN3v7RX2gbb1z2JpZ9-y2_Iyq98QbaQNDgn7nkYi8AdM3M1pdx5Y9HNHk2BUqls4iIdKWF0xb0b_THM4FdRr-63OwDDOyDsR4qcwps-3NAtK6vN9IK-PsbUDA0y-I7R0uqc5YoZXtUikmGwAMhDv3pYIxbv2E7pSDJp9PRxbHXcTapOqeL8_SAk HTTP/1.0" 404 96791 "https://mutilacaogenitalfeminina.pt/documentos/?gtm_latency=1" "Mozilla/5.0 (Linux; Android 6.0.1; Nexus 5X Build/MMB29P) AppleWebKit/537.36 (KHTML, like Gecko) Chrome/141.0.7390.122 Mobile Safari/537.36"
74.125.150.1 - - [19/Dec/2025:16:56:39 +0000] "GET /js_tracking?ref_action=hotel&stype=1&ver=2&aid=356980&pid=a8c81d0eb7550190&sid=7ddc46c9c1086cdb3bc11bc91f12833b&lang=id&ete=&etg=hp_property_description_seen&etcg=&ets=eWHMcCcCcCSYeJZOIYCZYPfWRHZGFGHbOPHe|1,eWHMeDUfUMVBFUPJUKBSWIKdFHfMTXEUDae|2,eWHMeDUfUMVBFUPJUKBSWIKdFHfMTXEUDae|3,eWHMeDUfUMVBFUPJUKBSWIKdFHfMTXEUDae|9&etgwv=&m=UmFuZG9tSVYkc2RlIyh9YfaiCLcK1VA-dX06n2V2-jYDycaOH0W_VWrPNG7hs0lAOyRcp-XPweGxsMcj-hxtQN3v7RX2gbb1z2JpZ9-y2_Iyq98QbaQNDgn7nkYi8AdM3M1pdx5Y9HNHk2BUqls4iIdKWF0xb0b_THM4FdRr-63OwDDOyDsR4qcwps-3NAtK6vN9IK-PsbUDA0y-I7R0uqc5YoZXtUikmGwAMhDv3pYIxbv2E7pSDJp9PRxbHXcTapOqeL8_SAk HTTP/1.0" 404 96791 "https://mutilacaogenitalfeminina.pt/documentos/?gtm_latency=1" "Mozilla/5.0 (Linux; Android 6.0.1; Nexus 5X Build/MMB29P) AppleWebKit/537.36 (KHTML, like Gecko) Chrome/141.0.7390.122 Mobile Safari/537.36"
74.125.150.2 - - [19/Dec/2025:16:56:46 +0000] "GET /js_tracking?ref_action=hotel&stype=1&ver=2&aid=356980&pid=a8c81d0eb7550190&sid=7ddc46c9c1086cdb3bc11bc91f12833b&lang=id&ete=&etg=hp_property_description_seen&etcg=&ets=eWHMcCcCcCSYeJZOIYCZYPfWRHZGFGHbOPHe|1,eWHMeDUfUMVBFUPJUKBSWIKdFHfMTXEUDae|2,eWHMeDUfUMVBFUPJUKBSWIKdFHfMTXEUDae|3,eWHMeDUfUMVBFUPJUKBSWIKdFHfMTXEUDae|9&etgwv=&m=UmFuZG9tSVYkc2RlIyh9YfaiCLcK1VA-dX06n2V2-jYDycaOH0W_VWrPNG7hs0lAOyRcp-XPweGxsMcj-hxtQN3v7RX2gbb1z2JpZ9-y2_Iyq98QbaQNDgn7nkYi8AdM3M1pdx5Y9HNHk2BUqls4iIdKWF0xb0b_THM4FdRr-63OwDDOyDsR4qcwps-3NAtK6vN9IK-PsbUDA0y-I7R0uqc5YoZXtUikmGwAMhDv3pYIxbv2E7pSDJp9PRxbHXcTapOqeL8_SAk HTTP/1.0" 404 96791 "https://mutilacaogenitalfeminina.pt/documentos/?gtm_latency=1" "Mozilla/5.0 (Linux; Android 6.0.1; Nexus 5X Build/MMB29P) AppleWebKit/537.36 (KHTML, like Gecko) Chrome/141.0.7390.122 Mobile Safari/537.36"
74.125.150.2 - - [19/Dec/2025:16:56:47 +0000] "GET /js_tracking?ref_action=hotel&stype=1&ver=2&aid=356980&pid=a8c81d0eb7550190&sid=7ddc46c9c1086cdb3bc11bc91f12833b&lang=id&ete=&etg=hp_property_description_seen&etcg=&ets=eWHMcCcCcCSYeJZOIYCZYPfWRHZGFGHbOPHe|1,eWHMeDUfUMVBFUPJUKBSWIKdFHfMTXEUDae|2,eWHMeDUfUMVBFUPJUKBSWIKdFHfMTXEUDae|3,eWHMeDUfUMVBFUPJUKBSWIKdFHfMTXEUDae|9&etgwv=&m=UmFuZG9tSVYkc2RlIyh9YfaiCLcK1VA-dX06n2V2-jYDycaOH0W_VWrPNG7hs0lAOyRcp-XPweGxsMcj-hxtQN3v7RX2gbb1z2JpZ9-y2_Iyq98QbaQNDgn7nkYi8AdM3M1pdx5Y9HNHk2BUqls4iIdKWF0xb0b_THM4FdRr-63OwDDOyDsR4qcwps-3NAtK6vN9IK-PsbUDA0y-I7R0uqc5YoZXtUikmGwAMhDv3pYIxbv2E7pSDJp9PRxbHXcTapOqeL8_SAk HTTP/1.0" 404 96791 "https://mutilacaogenitalfeminina.pt/documentos/?gtm_latency=1" "Mozilla/5.0 (Linux; Android 6.0.1; Nexus 5X Build/MMB29P) AppleWebKit/537.36 (KHTML, like Gecko) Chrome/141.0.7390.122 Mobile Safari/537.36"
74.125.150.2 - - [19/Dec/2025:16:56:48 +0000] "POST /c360/v1/track HTTP/1.0" 404 96626 "https://mutilacaogenitalfeminina.pt/documentos/?gtm_latency=1" "Mozilla/5.0 (Linux; Android 6.0.1; Nexus 5X Build/MMB29P) AppleWebKit/537.36 (KHTML, like Gecko) Chrome/141.0.7390.122 Mobile Safari/537.36"
74.125.150.1 - - [19/Dec/2025:16:56:49 +0000] "POST /navigation_times HTTP/1.0" 404 96791 "https://mutilacaogenitalfeminina.pt/documentos/?gtm_latency=1" "Mozilla/5.0 (Linux; Android 6.0.1; Nexus 5X Build/MMB29P) AppleWebKit/537.36 (KHTML, like Gecko) Chrome/141.0.7390.122 Mobile Safari/537.36"
74.125.150.1 - - [19/Dec/2025:16:56:50 +0000] "GET /js_tracking?ref_action=hotel&stype=1&ver=2&aid=356980&pid=a8c81d0eb7550190&sid=7ddc46c9c1086cdb3bc11bc91f12833b&lang=id&ete=&etg=hp_property_description_seen&etcg=&ets=eWHMcCcCcCSYeJZOIYCZYPfWRHZGFGHbOPHe|1,eWHMeDUfUMVBFUPJUKBSWIKdFHfMTXEUDae|2,eWHMeDUfUMVBFUPJUKBSWIKdFHfMTXEUDae|3,eWHMeDUfUMVBFUPJUKBSWIKdFHfMTXEUDae|9&etgwv=&m=UmFuZG9tSVYkc2RlIyh9YfaiCLcK1VA-dX06n2V2-jYDycaOH0W_VWrPNG7hs0lAOyRcp-XPweGxsMcj-hxtQN3v7RX2gbb1z2JpZ9-y2_Iyq98QbaQNDgn7nkYi8AdM3M1pdx5Y9HNHk2BUqls4iIdKWF0xb0b_THM4FdRr-63OwDDOyDsR4qcwps-3NAtK6vN9IK-PsbUDA0y-I7R0uqc5YoZXtUikmGwAMhDv3pYIxbv2E7pSDJp9PRxbHXcTapOqeL8_SAk HTTP/1.0" 404 96791 "https://mutilacaogenitalfeminina.pt/documentos/?gtm_latency=1" "Mozilla/5.0 (Linux; Android 6.0.1; Nexus 5X Build/MMB29P) AppleWebKit/537.36 (KHTML, like Gecko) Chrome/141.0.7390.122 Mobile Safari/537.36"
74.125.150.1 - - [19/Dec/2025:16:56:51 +0000] "GET /js_tracking?ref_action=hotel&stype=1&ver=2&aid=356980&pid=a8c81d0eb7550190&sid=7ddc46c9c1086cdb3bc11bc91f12833b&lang=id&ete=&etg=hp_property_description_seen&etcg=&ets=eWHMcCcCcCSYeJZOIYCZYPfWRHZGFGHbOPHe|1,eWHMeDUfUMVBFUPJUKBSWIKdFHfMTXEUDae|2,eWHMeDUfUMVBFUPJUKBSWIKdFHfMTXEUDae|3,eWHMeDUfUMVBFUPJUKBSWIKdFHfMTXEUDae|9&etgwv=&m=UmFuZG9tSVYkc2RlIyh9YfaiCLcK1VA-dX06n2V2-jYDycaOH0W_VWrPNG7hs0lAOyRcp-XPweGxsMcj-hxtQN3v7RX2gbb1z2JpZ9-y2_Iyq98QbaQNDgn7nkYi8AdM3M1pdx5Y9HNHk2BUqls4iIdKWF0xb0b_THM4FdRr-63OwDDOyDsR4qcwps-3NAtK6vN9IK-PsbUDA0y-I7R0uqc5YoZXtUikmGwAMhDv3pYIxbv2E7pSDJp9PRxbHXcTapOqeL8_SAk HTTP/1.0" 404 96791 "https://mutilacaogenitalfeminina.pt/documentos/?gtm_latency=1" "Mozilla/5.0 (Linux; Android 6.0.1; Nexus 5X Build/MMB29P) AppleWebKit/537.36 (KHTML, like Gecko) Chrome/141.0.7390.122 Mobile Safari/537.36"
74.125.150.2 - - [19/Dec/2025:16:56:53 +0000] "GET /js_tracking?ref_action=hotel&stype=1&ver=2&aid=356980&pid=a8c81d0eb7550190&sid=7ddc46c9c1086cdb3bc11bc91f12833b&lang=id&ete=&etg=hp_property_description_seen&etcg=&ets=eWHMcCcCcCSYeJZOIYCZYPfWRHZGFGHbOPHe|1,eWHMeDUfUMVBFUPJUKBSWIKdFHfMTXEUDae|2,eWHMeDUfUMVBFUPJUKBSWIKdFHfMTXEUDae|3,eWHMeDUfUMVBFUPJUKBSWIKdFHfMTXEUDae|9&etgwv=&m=UmFuZG9tSVYkc2RlIyh9YfaiCLcK1VA-dX06n2V2-jYDycaOH0W_VWrPNG7hs0lAOyRcp-XPweGxsMcj-hxtQN3v7RX2gbb1z2JpZ9-y2_Iyq98QbaQNDgn7nkYi8AdM3M1pdx5Y9HNHk2BUqls4iIdKWF0xb0b_THM4FdRr-63OwDDOyDsR4qcwps-3NAtK6vN9IK-PsbUDA0y-I7R0uqc5YoZXtUikmGwAMhDv3pYIxbv2E7pSDJp9PRxbHXcTapOqeL8_SAk HTTP/1.0" 404 96791 "https://mutilacaogenitalfeminina.pt/documentos/?gtm_latency=1" "Mozilla/5.0 (Linux; Android 6.0.1; Nexus 5X Build/MMB29P) AppleWebKit/537.36 (KHTML, like Gecko) Chrome/141.0.7390.122 Mobile Safari/537.36"
74.125.150.2 - - [19/Dec/2025:16:56:54 +0000] "GET /js_tracking?ref_action=hotel&stype=1&ver=2&aid=356980&pid=a8c81d0eb7550190&sid=7ddc46c9c1086cdb3bc11bc91f12833b&lang=id&ete=&etg=hp_property_description_seen&etcg=&ets=eWHMcCcCcCSYeJZOIYCZYPfWRHZGFGHbOPHe|1,eWHMeDUfUMVBFUPJUKBSWIKdFHfMTXEUDae|2,eWHMeDUfUMVBFUPJUKBSWIKdFHfMTXEUDae|3,eWHMeDUfUMVBFUPJUKBSWIKdFHfMTXEUDae|9&etgwv=&m=UmFuZG9tSVYkc2RlIyh9YfaiCLcK1VA-dX06n2V2-jYDycaOH0W_VWrPNG7hs0lAOyRcp-XPweGxsMcj-hxtQN3v7RX2gbb1z2JpZ9-y2_Iyq98QbaQNDgn7nkYi8AdM3M1pdx5Y9HNHk2BUqls4iIdKWF0xb0b_THM4FdRr-63OwDDOyDsR4qcwps-3NAtK6vN9IK-PsbUDA0y-I7R0uqc5YoZXtUikmGwAMhDv3pYIxbv2E7pSDJp9PRxbHXcTapOqeL8_SAk HTTP/1.0" 404 96791 "https://mutilacaogenitalfeminina.pt/documentos/?gtm_latency=1" "Mozilla/5.0 (Linux; Android 6.0.1; Nexus 5X Build/MMB29P) AppleWebKit/537.36 (KHTML, like Gecko) Chrome/141.0.7390.122 Mobile Safari/537.36"
74.125.150.2 - - [19/Dec/2025:16:56:55 +0000] "GET /js_tracking?ref_action=hotel&stype=1&ver=2&aid=356980&pid=a8c81d0eb7550190&sid=7ddc46c9c1086cdb3bc11bc91f12833b&lang=id&ete=&etg=hp_property_description_seen&etcg=&ets=eWHMcCcCcCSYeJZOIYCZYPfWRHZGFGHbOPHe|1,eWHMeDUfUMVBFUPJUKBSWIKdFHfMTXEUDae|2,eWHMeDUfUMVBFUPJUKBSWIKdFHfMTXEUDae|3,eWHMeDUfUMVBFUPJUKBSWIKdFHfMTXEUDae|9&etgwv=&m=UmFuZG9tSVYkc2RlIyh9YfaiCLcK1VA-dX06n2V2-jYDycaOH0W_VWrPNG7hs0lAOyRcp-XPweGxsMcj-hxtQN3v7RX2gbb1z2JpZ9-y2_Iyq98QbaQNDgn7nkYi8AdM3M1pdx5Y9HNHk2BUqls4iIdKWF0xb0b_THM4FdRr-63OwDDOyDsR4qcwps-3NAtK6vN9IK-PsbUDA0y-I7R0uqc5YoZXtUikmGwAMhDv3pYIxbv2E7pSDJp9PRxbHXcTapOqeL8_SAk HTTP/1.0" 404 96791 "https://mutilacaogenitalfeminina.pt/documentos/?gtm_latency=1" "Mozilla/5.0 (Linux; Android 6.0.1; Nexus 5X Build/MMB29P) AppleWebKit/537.36 (KHTML, like Gecko) Chrome/141.0.7390.122 Mobile Safari/537.36"
74.125.150.2 - - [19/Dec/2025:16:56:56 +0000] "GET /js_tracking?ref_action=hotel&stype=1&ver=2&aid=356980&pid=a8c81d0eb7550190&sid=7ddc46c9c1086cdb3bc11bc91f12833b&lang=id&ete=&etg=hp_property_description_seen&etcg=&ets=eWHMcCcCcCSYeJZOIYCZYPfWRHZGFGHbOPHe|1,eWHMeDUfUMVBFUPJUKBSWIKdFHfMTXEUDae|2,eWHMeDUfUMVBFUPJUKBSWIKdFHfMTXEUDae|3,eWHMeDUfUMVBFUPJUKBSWIKdFHfMTXEUDae|9&etgwv=&m=UmFuZG9tSVYkc2RlIyh9YfaiCLcK1VA-dX06n2V2-jYDycaOH0W_VWrPNG7hs0lAOyRcp-XPweGxsMcj-hxtQN3v7RX2gbb1z2JpZ9-y2_Iyq98QbaQNDgn7nkYi8AdM3M1pdx5Y9HNHk2BUqls4iIdKWF0xb0b_THM4FdRr-63OwDDOyDsR4qcwps-3NAtK6vN9IK-PsbUDA0y-I7R0uqc5YoZXtUikmGwAMhDv3pYIxbv2E7pSDJp9PRxbHXcTapOqeL8_SAk HTTP/1.0" 404 96791 "https://mutilacaogenitalfeminina.pt/documentos/?gtm_latency=1" "Mozilla/5.0 (Linux; Android 6.0.1; Nexus 5X Build/MMB29P) AppleWebKit/537.36 (KHTML, like Gecko) Chrome/141.0.7390.122 Mobile Safari/537.36"
74.125.150.1 - - [19/Dec/2025:16:56:57 +0000] "GET /js_tracking?ref_action=hotel&stype=1&ver=2&aid=356980&pid=a8c81d0eb7550190&sid=7ddc46c9c1086cdb3bc11bc91f12833b&lang=id&ete=&etg=hp_property_description_seen&etcg=&ets=eWHMcCcCcCSYeJZOIYCZYPfWRHZGFGHbOPHe|1,eWHMeDUfUMVBFUPJUKBSWIKdFHfMTXEUDae|2,eWHMeDUfUMVBFUPJUKBSWIKdFHfMTXEUDae|3,eWHMeDUfUMVBFUPJUKBSWIKdFHfMTXEUDae|9&etgwv=&m=UmFuZG9tSVYkc2RlIyh9YfaiCLcK1VA-dX06n2V2-jYDycaOH0W_VWrPNG7hs0lAOyRcp-XPweGxsMcj-hxtQN3v7RX2gbb1z2JpZ9-y2_Iyq98QbaQNDgn7nkYi8AdM3M1pdx5Y9HNHk2BUqls4iIdKWF0xb0b_THM4FdRr-63OwDDOyDsR4qcwps-3NAtK6vN9IK-PsbUDA0y-I7R0uqc5YoZXtUikmGwAMhDv3pYIxbv2E7pSDJp9PRxbHXcTapOqeL8_SAk HTTP/1.0" 404 96791 "https://mutilacaogenitalfeminina.pt/documentos/?gtm_latency=1" "Mozilla/5.0 (Linux; Android 6.0.1; Nexus 5X Build/MMB29P) AppleWebKit/537.36 (KHTML, like Gecko) Chrome/141.0.7390.122 Mobile Safari/537.36"
74.125.150.2 - - [19/Dec/2025:16:56:58 +0000] "GET /js_tracking?ref_action=hotel&stype=1&ver=2&aid=356980&pid=a8c81d0eb7550190&sid=7ddc46c9c1086cdb3bc11bc91f12833b&lang=id&ete=&etg=hp_property_description_seen&etcg=&ets=eWHMcCcCcCSYeJZOIYCZYPfWRHZGFGHbOPHe|1,eWHMeDUfUMVBFUPJUKBSWIKdFHfMTXEUDae|2,eWHMeDUfUMVBFUPJUKBSWIKdFHfMTXEUDae|3,eWHMeDUfUMVBFUPJUKBSWIKdFHfMTXEUDae|9&etgwv=&m=UmFuZG9tSVYkc2RlIyh9YfaiCLcK1VA-dX06n2V2-jYDycaOH0W_VWrPNG7hs0lAOyRcp-XPweGxsMcj-hxtQN3v7RX2gbb1z2JpZ9-y2_Iyq98QbaQNDgn7nkYi8AdM3M1pdx5Y9HNHk2BUqls4iIdKWF0xb0b_THM4FdRr-63OwDDOyDsR4qcwps-3NAtK6vN9IK-PsbUDA0y-I7R0uqc5YoZXtUikmGwAMhDv3pYIxbv2E7pSDJp9PRxbHXcTapOqeL8_SAk HTTP/1.0" 404 96791 "https://mutilacaogenitalfeminina.pt/documentos/?gtm_latency=1" "Mozilla/5.0 (Linux; Android 6.0.1; Nexus 5X Build/MMB29P) AppleWebKit/537.36 (KHTML, like Gecko) Chrome/141.0.7390.122 Mobile Safari/537.36"
74.125.150.1 - - [19/Dec/2025:16:56:59 +0000] "GET /js_tracking?ref_action=hotel&stype=1&ver=2&aid=356980&pid=a8c81d0eb7550190&sid=7ddc46c9c1086cdb3bc11bc91f12833b&lang=id&ete=&etg=hp_property_description_seen&etcg=&ets=eWHMcCcCcCSYeJZOIYCZYPfWRHZGFGHbOPHe|1,eWHMeDUfUMVBFUPJUKBSWIKdFHfMTXEUDae|2,eWHMeDUfUMVBFUPJUKBSWIKdFHfMTXEUDae|3,eWHMeDUfUMVBFUPJUKBSWIKdFHfMTXEUDae|9&etgwv=&m=UmFuZG9tSVYkc2RlIyh9YfaiCLcK1VA-dX06n2V2-jYDycaOH0W_VWrPNG7hs0lAOyRcp-XPweGxsMcj-hxtQN3v7RX2gbb1z2JpZ9-y2_Iyq98QbaQNDgn7nkYi8AdM3M1pdx5Y9HNHk2BUqls4iIdKWF0xb0b_THM4FdRr-63OwDDOyDsR4qcwps-3NAtK6vN9IK-PsbUDA0y-I7R0uqc5YoZXtUikmGwAMhDv3pYIxbv2E7pSDJp9PRxbHXcTapOqeL8_SAk HTTP/1.0" 404 96791 "https://mutilacaogenitalfeminina.pt/documentos/?gtm_latency=1" "Mozilla/5.0 (Linux; Android 6.0.1; Nexus 5X Build/MMB29P) AppleWebKit/537.36 (KHTML, like Gecko) Chrome/141.0.7390.122 Mobile Safari/537.36"
74.125.150.1 - - [19/Dec/2025:16:57:05 +0000] "GET /js_tracking?ref_action=hotel&stype=1&ver=2&aid=356980&pid=a8c81d0eb7550190&sid=7ddc46c9c1086cdb3bc11bc91f12833b&lang=id&ete=&etg=hp_property_description_seen&etcg=&ets=eWHMcCcCcCSYeJZOIYCZYPfWRHZGFGHbOPHe|1,eWHMeDUfUMVBFUPJUKBSWIKdFHfMTXEUDae|2,eWHMeDUfUMVBFUPJUKBSWIKdFHfMTXEUDae|3,eWHMeDUfUMVBFUPJUKBSWIKdFHfMTXEUDae|9&etgwv=&m=UmFuZG9tSVYkc2RlIyh9YfaiCLcK1VA-dX06n2V2-jYDycaOH0W_VWrPNG7hs0lAOyRcp-XPweGxsMcj-hxtQN3v7RX2gbb1z2JpZ9-y2_Iyq98QbaQNDgn7nkYi8AdM3M1pdx5Y9HNHk2BUqls4iIdKWF0xb0b_THM4FdRr-63OwDDOyDsR4qcwps-3NAtK6vN9IK-PsbUDA0y-I7R0uqc5YoZXtUikmGwAMhDv3pYIxbv2E7pSDJp9PRxbHXcTapOqeL8_SAk HTTP/1.0" 404 96791 "https://mutilacaogenitalfeminina.pt/documentos/?gtm_latency=1" "Mozilla/5.0 (Linux; Android 6.0.1; Nexus 5X Build/MMB29P) AppleWebKit/537.36 (KHTML, like Gecko) Chrome/141.0.7390.122 Mobile Safari/537.36"
74.125.150.1 - - [19/Dec/2025:16:57:06 +0000] "POST /c360/v1/track HTTP/1.0" 404 96626 "https://mutilacaogenitalfeminina.pt/documentos/?gtm_latency=1" "Mozilla/5.0 (Linux; Android 6.0.1; Nexus 5X Build/MMB29P) AppleWebKit/537.36 (KHTML, like Gecko) Chrome/141.0.7390.122 Mobile Safari/537.36"
74.125.150.1 - - [19/Dec/2025:16:57:07 +0000] "POST /navigation_times HTTP/1.0" 404 96791 "https://mutilacaogenitalfeminina.pt/documentos/?gtm_latency=1" "Mozilla/5.0 (Linux; Android 6.0.1; Nexus 5X Build/MMB29P) AppleWebKit/537.36 (KHTML, like Gecko) Chrome/141.0.7390.122 Mobile Safari/537.36"
74.125.150.1 - - [19/Dec/2025:16:57:08 +0000] "GET /js_tracking?ref_action=hotel&stype=1&ver=2&aid=356980&pid=a8c81d0eb7550190&sid=7ddc46c9c1086cdb3bc11bc91f12833b&lang=id&ete=&etg=hp_property_description_seen&etcg=&ets=eWHMcCcCcCSYeJZOIYCZYPfWRHZGFGHbOPHe|1,eWHMeDUfUMVBFUPJUKBSWIKdFHfMTXEUDae|2,eWHMeDUfUMVBFUPJUKBSWIKdFHfMTXEUDae|3,eWHMeDUfUMVBFUPJUKBSWIKdFHfMTXEUDae|9&etgwv=&m=UmFuZG9tSVYkc2RlIyh9YfaiCLcK1VA-dX06n2V2-jYDycaOH0W_VWrPNG7hs0lAOyRcp-XPweGxsMcj-hxtQN3v7RX2gbb1z2JpZ9-y2_Iyq98QbaQNDgn7nkYi8AdM3M1pdx5Y9HNHk2BUqls4iIdKWF0xb0b_THM4FdRr-63OwDDOyDsR4qcwps-3NAtK6vN9IK-PsbUDA0y-I7R0uqc5YoZXtUikmGwAMhDv3pYIxbv2E7pSDJp9PRxbHXcTapOqeL8_SAk HTTP/1.0" 404 96791 "https://mutilacaogenitalfeminina.pt/documentos/?gtm_latency=1" "Mozilla/5.0 (Linux; Android 6.0.1; Nexus 5X Build/MMB29P) AppleWebKit/537.36 (KHTML, like Gecko) Chrome/141.0.7390.122 Mobile Safari/537.36"
74.125.150.1 - - [19/Dec/2025:16:57:09 +0000] "GET /js_tracking?ref_action=hotel&stype=1&ver=2&aid=356980&pid=a8c81d0eb7550190&sid=7ddc46c9c1086cdb3bc11bc91f12833b&lang=id&ete=&etg=rt_onview&etcg=&ets=eWHMcCcCcCSYeJADDbdEcLcDNCSLFJZZBYKe|1&etgwv=&m=UmFuZG9tSVYkc2RlIyh9YfaiCLcK1VA-dX06n2V2-jYDycaOH0W_VWrPNG7hs0lAOyRcp-XPweGxsMcj-hxtQN3v7RX2gbb1z2JpZ9-y2_Iyq98QbaQNDgn7nkYi8AdM3M1pdx5Y9HNHk2BUqls4iIdKWF0xb0b_THM4FdRr-63OwDDOyDsR4qcwps-3NAtK6vN9IK-PsbUDA0y-I7R0uqc5YoZXtUikmGwAMhDv3pYIxbv2E7pSDJp9PRxbHXcTapOqeL8_SAk HTTP/1.0" 404 96791 "https://mutilacaogenitalfeminina.pt/documentos/?gtm_latency=1" "Mozilla/5.0 (Linux; Android 6.0.1; Nexus 5X Build/MMB29P) AppleWebKit/537.36 (KHTML, like Gecko) Chrome/141.0.7390.122 Mobile Safari/537.36"
74.125.150.1 - - [19/Dec/2025:16:57:10 +0000] "GET /js_tracking?ref_action=hotel&stype=1&ver=2&aid=356980&pid=a8c81d0eb7550190&sid=7ddc46c9c1086cdb3bc11bc91f12833b&lang=id&ete=&etg=hp_property_description_seen&etcg=&ets=eWHMcCcCcCSYeJZOIYCZYPfWRHZGFGHbOPHe|1,eWHMeDUfUMVBFUPJUKBSWIKdFHfMTXEUDae|2,eWHMeDUfUMVBFUPJUKBSWIKdFHfMTXEUDae|3,eWHMeDUfUMVBFUPJUKBSWIKdFHfMTXEUDae|9&etgwv=&m=UmFuZG9tSVYkc2RlIyh9YfaiCLcK1VA-dX06n2V2-jYDycaOH0W_VWrPNG7hs0lAOyRcp-XPweGxsMcj-hxtQN3v7RX2gbb1z2JpZ9-y2_Iyq98QbaQNDgn7nkYi8AdM3M1pdx5Y9HNHk2BUqls4iIdKWF0xb0b_THM4FdRr-63OwDDOyDsR4qcwps-3NAtK6vN9IK-PsbUDA0y-I7R0uqc5YoZXtUikmGwAMhDv3pYIxbv2E7pSDJp9PRxbHXcTapOqeL8_SAk HTTP/1.0" 404 96791 "https://mutilacaogenitalfeminina.pt/documentos/?gtm_latency=1" "Mozilla/5.0 (Linux; Android 6.0.1; Nexus 5X Build/MMB29P) AppleWebKit/537.36 (KHTML, like Gecko) Chrome/141.0.7390.122 Mobile Safari/537.36"
