216.73.216.218 - - [21/Dec/2025:06:46:43 +0000] "GET /'?fileloc=%2Fvar%2Fwww%2Fvhosts%2Fmutilacaogenitalfeminina.pt%2Fhttpdocs%2Fwp-admin%2Foptions-writing.php&path=%2Fvar%2Fwww%2Fvhosts%2Fmutilacaogenitalfeminina.pt%2Fhttpdocs%2Fwp-admin HTTP/1.0" 200 25867 "-" "Mozilla/5.0 AppleWebKit/537.36 (KHTML, like Gecko; compatible; ClaudeBot/1.0; +claudebot@anthropic.com)"
216.73.216.218 - - [21/Dec/2025:06:46:43 +0000] "GET /'?fileloc=%2Fvar%2Fwww%2Fvhosts%2Fmutilacaogenitalfeminina.pt%2Fhttpdocs%2Fwp-admin%2Findex.php&path=%2Fvar%2Fwww%2Fvhosts%2Fmutilacaogenitalfeminina.pt%2Fhttpdocs%2Fwp-admin HTTP/1.0" 200 22952 "-" "Mozilla/5.0 AppleWebKit/537.36 (KHTML, like Gecko; compatible; ClaudeBot/1.0; +claudebot@anthropic.com)"
216.73.216.218 - - [21/Dec/2025:06:46:43 +0000] "GET /'?fileloc=%2Fvar%2Fwww%2Fvhosts%2Fmutilacaogenitalfeminina.pt%2Fhttpdocs%2Fwp-admin%2Ferase-personal-data.php&path=%2Fvar%2Fwww%2Fvhosts%2Fmutilacaogenitalfeminina.pt%2Fhttpdocs%2Fwp-admin HTTP/1.0" 200 22937 "-" "Mozilla/5.0 AppleWebKit/537.36 (KHTML, like Gecko; compatible; ClaudeBot/1.0; +claudebot@anthropic.com)"
216.73.216.218 - - [21/Dec/2025:06:46:43 +0000] "GET /'?fileloc=%2Fvar%2Fwww%2Fvhosts%2Fmutilacaogenitalfeminina.pt%2Fhttpdocs%2Fwp-admin%2Fabout.php&path=%2Fvar%2Fwww%2Fvhosts%2Fmutilacaogenitalfeminina.pt%2Fhttpdocs%2Fwp-admin HTTP/1.0" 200 32474 "-" "Mozilla/5.0 AppleWebKit/537.36 (KHTML, like Gecko; compatible; ClaudeBot/1.0; +claudebot@anthropic.com)"
216.73.216.218 - - [21/Dec/2025:06:46:43 +0000] "GET /'?fileloc=%2Fvar%2Fwww%2Fvhosts%2Fmutilacaogenitalfeminina.pt%2Fhttpdocs%2Fwp-admin%2Fprivacy.php&path=%2Fvar%2Fwww%2Fvhosts%2Fmutilacaogenitalfeminina.pt%2Fhttpdocs%2Fwp-admin HTTP/1.0" 200 16771 "-" "Mozilla/5.0 AppleWebKit/537.36 (KHTML, like Gecko; compatible; ClaudeBot/1.0; +claudebot@anthropic.com)"
216.73.216.218 - - [21/Dec/2025:06:46:43 +0000] "GET /'?fileloc=%2Fvar%2Fwww%2Fvhosts%2Fmutilacaogenitalfeminina.pt%2Fhttpdocs%2Fwp-admin%2Foptions-discussion.php&path=%2Fvar%2Fwww%2Fvhosts%2Fmutilacaogenitalfeminina.pt%2Fhttpdocs%2Fwp-admin HTTP/1.0" 200 35416 "-" "Mozilla/5.0 AppleWebKit/537.36 (KHTML, like Gecko; compatible; ClaudeBot/1.0; +claudebot@anthropic.com)"
216.73.216.218 - - [21/Dec/2025:06:47:10 +0000] "GET /'?fileloc=%2Fvar%2Fwww%2Fvhosts%2Fmutilacaogenitalfeminina.pt%2Fhttpdocs%2Fwp-admin%2Fmedia-new.php&path=%2Fvar%2Fwww%2Fvhosts%2Fmutilacaogenitalfeminina.pt%2Fhttpdocs%2Fwp-admin HTTP/1.0" 200 17311 "-" "Mozilla/5.0 AppleWebKit/537.36 (KHTML, like Gecko; compatible; ClaudeBot/1.0; +claudebot@anthropic.com)"
216.73.216.218 - - [21/Dec/2025:06:47:10 +0000] "GET /'?fileloc=%2Fvar%2Fwww%2Fvhosts%2Fmutilacaogenitalfeminina.pt%2Fhttpdocs%2Fwp-admin%2Fsite-health-info.php&path=%2Fvar%2Fwww%2Fvhosts%2Fmutilacaogenitalfeminina.pt%2Fhttpdocs%2Fwp-admin HTTP/1.0" 200 18363 "-" "Mozilla/5.0 AppleWebKit/537.36 (KHTML, like Gecko; compatible; ClaudeBot/1.0; +claudebot@anthropic.com)"
216.73.216.218 - - [21/Dec/2025:06:47:10 +0000] "GET /'?fileloc=%2Fvar%2Fwww%2Fvhosts%2Fmutilacaogenitalfeminina.pt%2Fhttpdocs%2Fwp-admin%2Fmedia.php&path=%2Fvar%2Fwww%2Fvhosts%2Fmutilacaogenitalfeminina.pt%2Fhttpdocs%2Fwp-admin HTTP/1.0" 200 14008 "-" "Mozilla/5.0 AppleWebKit/537.36 (KHTML, like Gecko; compatible; ClaudeBot/1.0; +claudebot@anthropic.com)"
216.73.216.218 - - [21/Dec/2025:06:47:10 +0000] "GET /'?fileloc=%2Fvar%2Fwww%2Fvhosts%2Fmutilacaogenitalfeminina.pt%2Fhttpdocs%2Fwp-admin%2Ffreedoms.php&path=%2Fvar%2Fwww%2Fvhosts%2Fmutilacaogenitalfeminina.pt%2Fhttpdocs%2Fwp-admin HTTP/1.0" 200 19530 "-" "Mozilla/5.0 AppleWebKit/537.36 (KHTML, like Gecko; compatible; ClaudeBot/1.0; +claudebot@anthropic.com)"
216.73.216.218 - - [21/Dec/2025:06:47:10 +0000] "GET /url%20=%3Cwidth%3Ex%3Cheight%3E%20%22optional%20title%22?path=%2Fvar%2Fwww%2Fvhosts%2Fmutilacaogenitalfeminina.pt%2F.wp-cli HTTP/1.0" 200 14741 "-" "Mozilla/5.0 AppleWebKit/537.36 (KHTML, like Gecko; compatible; ClaudeBot/1.0; +claudebot@anthropic.com)"
216.73.216.218 - - [21/Dec/2025:06:47:10 +0000] "GET /'?fileloc=%2Fvar%2Fwww%2Fvhosts%2Fmutilacaogenitalfeminina.pt%2Fhttpdocs%2Fwp-admin%2Fpost.php&path=%2Fvar%2Fwww%2Fvhosts%2Fmutilacaogenitalfeminina.pt%2Fhttpdocs%2Fwp-admin HTTP/1.0" 200 24982 "-" "Mozilla/5.0 AppleWebKit/537.36 (KHTML, like Gecko; compatible; ClaudeBot/1.0; +claudebot@anthropic.com)"
216.73.216.218 - - [21/Dec/2025:06:47:10 +0000] "GET /'?fileloc=%2Fvar%2Fwww%2Fvhosts%2Fmutilacaogenitalfeminina.pt%2Fhttpdocs%2Fwp-admin%2Fsite-health.php&path=%2Fvar%2Fwww%2Fvhosts%2Fmutilacaogenitalfeminina.pt%2Fhttpdocs%2Fwp-admin HTTP/1.0" 200 26491 "-" "Mozilla/5.0 AppleWebKit/537.36 (KHTML, like Gecko; compatible; ClaudeBot/1.0; +claudebot@anthropic.com)"
216.73.216.218 - - [21/Dec/2025:06:47:10 +0000] "GET /'?fileloc=%2Fvar%2Fwww%2Fvhosts%2Fmutilacaogenitalfeminina.pt%2Fhttpdocs%2Fwp-admin%2Foptions-privacy.php&path=%2Fvar%2Fwww%2Fvhosts%2Fmutilacaogenitalfeminina.pt%2Fhttpdocs%2Fwp-admin HTTP/1.0" 200 25830 "-" "Mozilla/5.0 AppleWebKit/537.36 (KHTML, like Gecko; compatible; ClaudeBot/1.0; +claudebot@anthropic.com)"
92.222.104.198 - - [21/Dec/2025:06:47:37 +0000] "GET /tipos-de-mgf/?fileloc=/var/www/vhosts/mutilacaogenitalfeminina.pt/httpdocs/wp-admin/css/admin-menu-rtl.min.css&path=/var/www/vhosts/mutilacaogenitalfeminina.pt/httpdocs/wp-admin/css HTTP/1.0" 200 28540 "-" "Mozilla/5.0 (compatible; AhrefsBot/7.0; +http://ahrefs.com/robot/)"
216.73.216.218 - - [21/Dec/2025:06:48:06 +0000] "GET /'?path=%2Fvar%2Fwww%2Fvhosts%2Fmutilacaogenitalfeminina.pt%2Fhttpdocs%2Fwp-admin%2Fmaint HTTP/1.0" 200 15140 "-" "Mozilla/5.0 AppleWebKit/537.36 (KHTML, like Gecko; compatible; ClaudeBot/1.0; +claudebot@anthropic.com)"
216.73.216.218 - - [21/Dec/2025:06:48:06 +0000] "GET /'?fileloc=%2Fvar%2Fwww%2Fvhosts%2Fmutilacaogenitalfeminina.pt%2Fhttpdocs%2Fwp-admin%2Fsale.php&path=%2Fvar%2Fwww%2Fvhosts%2Fmutilacaogenitalfeminina.pt%2Fhttpdocs%2Fwp-admin HTTP/1.0" 200 23054 "-" "Mozilla/5.0 AppleWebKit/537.36 (KHTML, like Gecko; compatible; ClaudeBot/1.0; +claudebot@anthropic.com)"
216.73.216.218 - - [21/Dec/2025:06:48:06 +0000] "GET /'?path=%2Fvar%2Fwww%2Fvhosts%2Fmutilacaogenitalfeminina.pt%2Fhttpdocs%2Fwp-admin%2Fnetwork HTTP/1.0" 200 63539 "-" "Mozilla/5.0 AppleWebKit/537.36 (KHTML, like Gecko; compatible; ClaudeBot/1.0; +claudebot@anthropic.com)"
216.73.216.218 - - [21/Dec/2025:06:48:06 +0000] "GET /url%20=%3Cwidth%3Ex%3Cheight%3E%20%22optional%20title%22?path=%2Fvar%2Fwww%2Fvhosts%2Fmutilacaogenitalfeminina.pt%2Fwordpress-backups HTTP/1.0" 200 13327 "-" "Mozilla/5.0 AppleWebKit/537.36 (KHTML, like Gecko; compatible; ClaudeBot/1.0; +claudebot@anthropic.com)"
216.73.216.218 - - [21/Dec/2025:06:48:06 +0000] "GET /'?path=%2Fvar%2Fwww%2Fvhosts%2Fmutilacaogenitalfeminina.pt%2Fhttpdocs%2Fwp-admin%2Fincludes HTTP/1.0" 200 195318 "-" "Mozilla/5.0 AppleWebKit/537.36 (KHTML, like Gecko; compatible; ClaudeBot/1.0; +claudebot@anthropic.com)"
216.73.216.218 - - [21/Dec/2025:06:48:06 +0000] "GET /'?path=%2Fvar%2Fwww%2Fvhosts%2Fmutilacaogenitalfeminina.pt%2Fhttpdocs%2Fwp-admin%2Fcss HTTP/1.0" 200 183825 "-" "Mozilla/5.0 AppleWebKit/537.36 (KHTML, like Gecko; compatible; ClaudeBot/1.0; +claudebot@anthropic.com)"
216.73.216.218 - - [21/Dec/2025:06:48:06 +0000] "GET /'?fileloc=%2Fvar%2Fwww%2Fvhosts%2Fmutilacaogenitalfeminina.pt%2Fhttpdocs%2Fwp-admin%2Fcredits.php&path=%2Fvar%2Fwww%2Fvhosts%2Fmutilacaogenitalfeminina.pt%2Fhttpdocs%2Fwp-admin HTTP/1.0" 200 19137 "-" "Mozilla/5.0 AppleWebKit/537.36 (KHTML, like Gecko; compatible; ClaudeBot/1.0; +claudebot@anthropic.com)"
216.73.216.218 - - [21/Dec/2025:06:48:06 +0000] "GET /'?path=%2Fvar%2Fwww%2Fvhosts%2Fmutilacaogenitalfeminina.pt%2Ferror_docs HTTP/1.0" 200 39507 "-" "Mozilla/5.0 AppleWebKit/537.36 (KHTML, like Gecko; compatible; ClaudeBot/1.0; +claudebot@anthropic.com)"
216.73.216.218 - - [21/Dec/2025:06:48:19 +0000] "GET /url%20=%3Cwidth%3Ex%3Cheight%3E%20%22optional%20title%22?path=%2Fvar%2Fwww%2Fvhosts%2Fmutilacaogenitalfeminina.pt%2Flogs HTTP/1.0" 200 47321 "-" "Mozilla/5.0 AppleWebKit/537.36 (KHTML, like Gecko; compatible; ClaudeBot/1.0; +claudebot@anthropic.com)"
216.73.216.218 - - [21/Dec/2025:06:48:19 +0000] "GET /'?path=%2Fvar%2Fwww%2Fvhosts%2Fmutilacaogenitalfeminina.pt%2F.wp-cli HTTP/1.0" 200 14741 "-" "Mozilla/5.0 AppleWebKit/537.36 (KHTML, like Gecko; compatible; ClaudeBot/1.0; +claudebot@anthropic.com)"
216.73.216.218 - - [21/Dec/2025:06:48:19 +0000] "GET /url%20=%3Cwidth%3Ex%3Cheight%3E%20%22optional%20title%22?path=%2Fvar%2Fwww%2Fvhosts%2Fmutilacaogenitalfeminina.pt%2F.composer HTTP/1.0" 200 17968 "-" "Mozilla/5.0 AppleWebKit/537.36 (KHTML, like Gecko; compatible; ClaudeBot/1.0; +claudebot@anthropic.com)"
216.73.216.218 - - [21/Dec/2025:06:48:19 +0000] "GET /'?path=%2Fvar%2Fwww%2Fvhosts%2Fmutilacaogenitalfeminina.pt%2Fhttpdocs%2Fwp-admin%2Fuser HTTP/1.0" 200 31639 "-" "Mozilla/5.0 AppleWebKit/537.36 (KHTML, like Gecko; compatible; ClaudeBot/1.0; +claudebot@anthropic.com)"
216.73.216.218 - - [21/Dec/2025:06:48:19 +0000] "GET /url%20=%3Cwidth%3Ex%3Cheight%3E%20%22optional%20title%22?path=%2Fvar%2Fwww%2Fvhosts%2Fmutilacaogenitalfeminina.pt%2Fprivate HTTP/1.0" 200 14769 "-" "Mozilla/5.0 AppleWebKit/537.36 (KHTML, like Gecko; compatible; ClaudeBot/1.0; +claudebot@anthropic.com)"
216.73.216.218 - - [21/Dec/2025:06:48:19 +0000] "GET /url%20=%3Cwidth%3Ex%3Cheight%3E%20%22optional%20title%22?path=%2Fvar%2Fwww%2Fvhosts%2Fmutilacaogenitalfeminina.pt%2F.ssh HTTP/1.0" 200 16425 "-" "Mozilla/5.0 AppleWebKit/537.36 (KHTML, like Gecko; compatible; ClaudeBot/1.0; +claudebot@anthropic.com)"
216.73.216.218 - - [21/Dec/2025:06:48:19 +0000] "GET /url%20=%3Cwidth%3Ex%3Cheight%3E%20%22optional%20title%22?path=%2Fvar%2Fwww%2Fvhosts%2Fmutilacaogenitalfeminina.pt%2F.trash HTTP/1.0" 200 13305 "-" "Mozilla/5.0 AppleWebKit/537.36 (KHTML, like Gecko; compatible; ClaudeBot/1.0; +claudebot@anthropic.com)"
216.73.216.218 - - [21/Dec/2025:06:48:19 +0000] "GET /url%20=%3Cwidth%3Ex%3Cheight%3E%20%22optional%20title%22?fileloc=%2Fvar%2Fwww%2Fvhosts%2Fmutilacaogenitalfeminina.pt%2Fepinyins.php&path=%2Fvar%2Fwww%2Fvhosts%2Fmutilacaogenitalfeminina.pt HTTP/1.0" 200 12862 "-" "Mozilla/5.0 AppleWebKit/537.36 (KHTML, like Gecko; compatible; ClaudeBot/1.0; +claudebot@anthropic.com)"
216.73.216.218 - - [21/Dec/2025:06:48:49 +0000] "GET /'?fileloc=%2Fvar%2Fwww%2Fvhosts%2Fmutilacaogenitalfeminina.pt%2Fhttpdocs%2F.tmb%2Fl1_ZmF2aWNvbi5pY281730310865.png&path=%2Fvar%2Fwww%2Fvhosts%2Fmutilacaogenitalfeminina.pt%2Fhttpdocs%2F.tmb HTTP/1.0" 200 16383 "-" "Mozilla/5.0 AppleWebKit/537.36 (KHTML, like Gecko; compatible; ClaudeBot/1.0; +claudebot@anthropic.com)"
216.73.216.218 - - [21/Dec/2025:06:48:49 +0000] "GET /'?fileloc=%2Fvar%2Fwww%2Fvhosts%2Fmutilacaogenitalfeminina.pt%2Fhttpdocs%2Fimages%2Ftoggige-arrow.jpg&path=%2Fvar%2Fwww%2Fvhosts%2Fmutilacaogenitalfeminina.pt%2Fhttpdocs%2Fimages HTTP/1.0" 200 13186 "-" "Mozilla/5.0 AppleWebKit/537.36 (KHTML, like Gecko; compatible; ClaudeBot/1.0; +claudebot@anthropic.com)"
216.73.216.218 - - [21/Dec/2025:06:48:49 +0000] "GET /'?path=%2Fvar%2Fwww%2Fvhosts%2Fmutilacaogenitalfeminina.pt%2F.pki HTTP/1.0" 200 14726 "-" "Mozilla/5.0 AppleWebKit/537.36 (KHTML, like Gecko; compatible; ClaudeBot/1.0; +claudebot@anthropic.com)"
216.73.216.218 - - [21/Dec/2025:06:48:49 +0000] "GET /'?path=%2Fvar%2Fwww%2Fvhosts%2Fmutilacaogenitalfeminina.pt%2Flogs HTTP/1.0" 200 47321 "-" "Mozilla/5.0 AppleWebKit/537.36 (KHTML, like Gecko; compatible; ClaudeBot/1.0; +claudebot@anthropic.com)"
216.73.216.218 - - [21/Dec/2025:06:48:49 +0000] "GET /'?fileloc=%2Fvar%2Fwww%2Fvhosts%2Fmutilacaogenitalfeminina.pt%2F.htaccess&path=%2Fvar%2Fwww%2Fvhosts%2Fmutilacaogenitalfeminina.pt HTTP/1.0" 200 14924 "-" "Mozilla/5.0 AppleWebKit/537.36 (KHTML, like Gecko; compatible; ClaudeBot/1.0; +claudebot@anthropic.com)"
216.73.216.218 - - [21/Dec/2025:06:48:49 +0000] "GET /'?path=%2Fvar%2Fwww%2Fvhosts%2Fmutilacaogenitalfeminina.pt%2Fprivate HTTP/1.0" 200 14769 "-" "Mozilla/5.0 AppleWebKit/537.36 (KHTML, like Gecko; compatible; ClaudeBot/1.0; +claudebot@anthropic.com)"
216.73.216.218 - - [21/Dec/2025:06:48:49 +0000] "GET /'?path=%2Fvar%2Fwww%2Fvhosts%2Fmutilacaogenitalfeminina.pt%2F.trash HTTP/1.0" 200 13305 "-" "Mozilla/5.0 AppleWebKit/537.36 (KHTML, like Gecko; compatible; ClaudeBot/1.0; +claudebot@anthropic.com)"
216.73.216.218 - - [21/Dec/2025:06:49:41 +0000] "GET /'?fileloc=%2Fvar%2Fwww%2Fvhosts%2Fmutilacaogenitalfeminina.pt%2Fepinyins.php&path=%2Fvar%2Fwww%2Fvhosts%2Fmutilacaogenitalfeminina.pt HTTP/1.0" 200 12862 "-" "Mozilla/5.0 AppleWebKit/537.36 (KHTML, like Gecko; compatible; ClaudeBot/1.0; +claudebot@anthropic.com)"
216.73.216.218 - - [21/Dec/2025:06:49:41 +0000] "GET /'?path=%2Fvar%2Fwww%2Fvhosts%2Fmutilacaogenitalfeminina.pt%2F.ssh HTTP/1.0" 200 16425 "-" "Mozilla/5.0 AppleWebKit/537.36 (KHTML, like Gecko; compatible; ClaudeBot/1.0; +claudebot@anthropic.com)"
216.73.216.218 - - [21/Dec/2025:06:49:41 +0000] "GET /url%20=%3Cwidth%3Ex%3Cheight%3E%20%22optional%20title%22?fileloc=%2Fvar%2Fwww%2Fvhosts%2Fmutilacaogenitalfeminina.pt%2F.htaccess&path=%2Fvar%2Fwww%2Fvhosts%2Fmutilacaogenitalfeminina.pt HTTP/1.0" 200 14924 "-" "Mozilla/5.0 AppleWebKit/537.36 (KHTML, like Gecko; compatible; ClaudeBot/1.0; +claudebot@anthropic.com)"
216.73.216.218 - - [21/Dec/2025:06:49:41 +0000] "GET /'?path=%2Fvar%2Fwww%2Fvhosts%2Fmutilacaogenitalfeminina.pt%2F.composer HTTP/1.0" 200 17968 "-" "Mozilla/5.0 AppleWebKit/537.36 (KHTML, like Gecko; compatible; ClaudeBot/1.0; +claudebot@anthropic.com)"
216.73.216.218 - - [21/Dec/2025:06:49:41 +0000] "GET /'?path=%2Fvar%2Fwww%2Fvhosts%2Fmutilacaogenitalfeminina.pt%2Fwordpress-backups HTTP/1.0" 200 13327 "-" "Mozilla/5.0 AppleWebKit/537.36 (KHTML, like Gecko; compatible; ClaudeBot/1.0; +claudebot@anthropic.com)"
216.73.216.218 - - [21/Dec/2025:06:49:41 +0000] "GET /'?path=%2Fvar%2Fwww%2Fvhosts%2Fmutilacaogenitalfeminina.pt%2Fhttpdocs%2Fwp-admin%2Fimages HTTP/1.0" 200 145877 "-" "Mozilla/5.0 AppleWebKit/537.36 (KHTML, like Gecko; compatible; ClaudeBot/1.0; +claudebot@anthropic.com)"
216.73.216.218 - - [21/Dec/2025:06:49:41 +0000] "GET /url%20=%3Cwidth%3Ex%3Cheight%3E%20%22optional%20title%22?path=%2Fvar%2Fwww%2Fvhosts%2Fmutilacaogenitalfeminina.pt%2F.pki HTTP/1.0" 200 14726 "-" "Mozilla/5.0 AppleWebKit/537.36 (KHTML, like Gecko; compatible; ClaudeBot/1.0; +claudebot@anthropic.com)"
92.222.108.112 - - [21/Dec/2025:06:49:58 +0000] "GET /governo-britanico-lanca-novas-medidas-para-combater-os-crimes-de-honra/?path=/var/www/vhosts/mutilacaogenitalfeminina.pt/logs HTTP/1.0" 200 47321 "-" "Mozilla/5.0 (compatible; AhrefsBot/7.0; +http://ahrefs.com/robot/)"
216.73.216.218 - - [21/Dec/2025:06:50:24 +0000] "GET /'?fileloc=%2Fvar%2Fwww%2Fvhosts%2Fmutilacaogenitalfeminina.pt%2Fhttpdocs%2Fwp-admin%2Flink-parse-opml.php&path=%2Fvar%2Fwww%2Fvhosts%2Fmutilacaogenitalfeminina.pt%2Fhttpdocs%2Fwp-admin HTTP/1.0" 200 16142 "-" "Mozilla/5.0 AppleWebKit/537.36 (KHTML, like Gecko; compatible; ClaudeBot/1.0; +claudebot@anthropic.com)"
216.73.216.218 - - [21/Dec/2025:06:50:24 +0000] "GET /'?fileloc=%2Fvar%2Fwww%2Fvhosts%2Fmutilacaogenitalfeminina.pt%2Fhttpdocs%2Fwp-admin%2Fsite-editor.php&path=%2Fvar%2Fwww%2Fvhosts%2Fmutilacaogenitalfeminina.pt%2Fhttpdocs%2Fwp-admin HTTP/1.0" 200 28543 "-" "Mozilla/5.0 AppleWebKit/537.36 (KHTML, like Gecko; compatible; ClaudeBot/1.0; +claudebot@anthropic.com)"
216.73.216.218 - - [21/Dec/2025:06:50:24 +0000] "GET /'?fileloc=%2Fvar%2Fwww%2Fvhosts%2Fmutilacaogenitalfeminina.pt%2Fhttpdocs%2Fwp-admin%2Fload-scripts.php&path=%2Fvar%2Fwww%2Fvhosts%2Fmutilacaogenitalfeminina.pt%2Fhttpdocs%2Fwp-admin HTTP/1.0" 200 15467 "-" "Mozilla/5.0 AppleWebKit/537.36 (KHTML, like Gecko; compatible; ClaudeBot/1.0; +claudebot@anthropic.com)"
216.73.216.218 - - [21/Dec/2025:06:50:24 +0000] "GET /?path=%2Fvar%2Fwww%2Fvhosts%2Fmutilacaogenitalfeminina.pt%2Fhttpdocs%2Fwp-content%2Fplugins%2Felementor%2Fcore%2Fkits HTTP/1.0" 200 20311 "-" "Mozilla/5.0 AppleWebKit/537.36 (KHTML, like Gecko; compatible; ClaudeBot/1.0; +claudebot@anthropic.com)"
216.73.216.218 - - [21/Dec/2025:06:50:24 +0000] "GET /'?fileloc=%2Fvar%2Fwww%2Fvhosts%2Fmutilacaogenitalfeminina.pt%2Fhttpdocs%2Fwp-admin%2Fupgrade-functions.php&path=%2Fvar%2Fwww%2Fvhosts%2Fmutilacaogenitalfeminina.pt%2Fhttpdocs%2Fwp-admin HTTP/1.0" 200 13428 "-" "Mozilla/5.0 AppleWebKit/537.36 (KHTML, like Gecko; compatible; ClaudeBot/1.0; +claudebot@anthropic.com)"
216.73.216.218 - - [21/Dec/2025:06:50:24 +0000] "GET /'?fileloc=%2Fvar%2Fwww%2Fvhosts%2Fmutilacaogenitalfeminina.pt%2Fhttpdocs%2Fwp-admin%2Fadmin-header.php&path=%2Fvar%2Fwww%2Fvhosts%2Fmutilacaogenitalfeminina.pt%2Fhttpdocs%2Fwp-admin HTTP/1.0" 200 23766 "-" "Mozilla/5.0 AppleWebKit/537.36 (KHTML, like Gecko; compatible; ClaudeBot/1.0; +claudebot@anthropic.com)"
216.73.216.218 - - [21/Dec/2025:06:50:24 +0000] "GET /?path=%2Fvar%2Fwww%2Fvhosts%2Fmutilacaogenitalfeminina.pt%2Fhttpdocs%2Fwp-content%2Fplugins%2Felementor%2Fcore%2Fpage-assets HTTP/1.0" 200 17265 "-" "Mozilla/5.0 AppleWebKit/537.36 (KHTML, like Gecko; compatible; ClaudeBot/1.0; +claudebot@anthropic.com)"
216.73.216.218 - - [21/Dec/2025:06:50:24 +0000] "GET /'?fileloc=%2Fvar%2Fwww%2Fvhosts%2Fmutilacaogenitalfeminina.pt%2Fhttpdocs%2Fwp-admin%2Fplugins.php&path=%2Fvar%2Fwww%2Fvhosts%2Fmutilacaogenitalfeminina.pt%2Fhttpdocs%2Fwp-admin HTTP/1.0" 200 50039 "-" "Mozilla/5.0 AppleWebKit/537.36 (KHTML, like Gecko; compatible; ClaudeBot/1.0; +claudebot@anthropic.com)"
216.73.216.218 - - [21/Dec/2025:06:50:29 +0000] "GET /?fileloc=%2Fvar%2Fwww%2Fvhosts%2Fmutilacaogenitalfeminina.pt%2Fhttpdocs%2Fwp-content%2Fthemes%2Fkadence%2Finc%2Ffunctions.php&path=%2Fvar%2Fwww%2Fvhosts%2Fmutilacaogenitalfeminina.pt%2Fhttpdocs%2Fwp-content%2Fthemes%2Fkadence%2Finc HTTP/1.0" 200 15096 "-" "Mozilla/5.0 AppleWebKit/537.36 (KHTML, like Gecko; compatible; ClaudeBot/1.0; +claudebot@anthropic.com)"
216.73.216.218 - - [21/Dec/2025:06:50:29 +0000] "GET /?fileloc=%2Fvar%2Fwww%2Fvhosts%2Fmutilacaogenitalfeminina.pt%2Fhttpdocs%2Fwp-content%2Fthemes%2Fkadence%2Finc%2Fclass-theme.php&path=%2Fvar%2Fwww%2Fvhosts%2Fmutilacaogenitalfeminina.pt%2Fhttpdocs%2Fwp-content%2Fthemes%2Fkadence%2Finc HTTP/1.0" 200 23244 "-" "Mozilla/5.0 AppleWebKit/537.36 (KHTML, like Gecko; compatible; ClaudeBot/1.0; +claudebot@anthropic.com)"
216.73.216.218 - - [21/Dec/2025:06:51:04 +0000] "GET /?fileloc=%2Fvar%2Fwww%2Fvhosts%2Fmutilacaogenitalfeminina.pt%2Fhttpdocs%2Fwp-content%2Fthemes%2Fkadence%2Finc%2Fback-compat.php&path=%2Fvar%2Fwww%2Fvhosts%2Fmutilacaogenitalfeminina.pt%2Fhttpdocs%2Fwp-content%2Fthemes%2Fkadence%2Finc HTTP/1.0" 200 16595 "-" "Mozilla/5.0 AppleWebKit/537.36 (KHTML, like Gecko; compatible; ClaudeBot/1.0; +claudebot@anthropic.com)"
216.73.216.218 - - [21/Dec/2025:06:51:04 +0000] "GET /?fileloc=%2Fvar%2Fwww%2Fvhosts%2Fmutilacaogenitalfeminina.pt%2Fhttpdocs%2Fwp-admin%2Fcss%2Fcolors%2Fectoplasm%2Fcolors.scss&path=%2Fvar%2Fwww%2Fvhosts%2Fmutilacaogenitalfeminina.pt%2Fhttpdocs%2Fwp-admin%2Fcss%2Fcolors%2Fectoplasm HTTP/1.0" 200 13610 "-" "Mozilla/5.0 AppleWebKit/537.36 (KHTML, like Gecko; compatible; ClaudeBot/1.0; +claudebot@anthropic.com)"
216.73.216.218 - - [21/Dec/2025:06:52:07 +0000] "GET /?path=%2Fvar%2Fwww%2Fvhosts%2Fmutilacaogenitalfeminina.pt%2Fhttpdocs%2Fwp-content%2Fthemes%2Fkadence%2Finc%2Fcomponents HTTP/1.0" 200 92241 "-" "Mozilla/5.0 AppleWebKit/537.36 (KHTML, like Gecko; compatible; ClaudeBot/1.0; +claudebot@anthropic.com)"
216.73.216.218 - - [21/Dec/2025:06:52:07 +0000] "GET /?fileloc=%2Fvar%2Fwww%2Fvhosts%2Fmutilacaogenitalfeminina.pt%2Fhttpdocs%2Fwp-admin%2Fcss%2Fcolors%2Fectoplasm%2Fcolors-rtl.css&path=%2Fvar%2Fwww%2Fvhosts%2Fmutilacaogenitalfeminina.pt%2Fhttpdocs%2Fwp-admin%2Fcss%2Fcolors%2Fectoplasm HTTP/1.0" 200 35812 "-" "Mozilla/5.0 AppleWebKit/537.36 (KHTML, like Gecko; compatible; ClaudeBot/1.0; +claudebot@anthropic.com)"
51.75.236.131 - - [21/Dec/2025:06:52:18 +0000] "GET /governo-britanico-lanca-novas-medidas-para-combater-os-crimes-de-honra/?path=/var/www/vhosts/mutilacaogenitalfeminina.pt/.trash HTTP/1.0" 200 13305 "-" "Mozilla/5.0 (compatible; AhrefsBot/7.0; +http://ahrefs.com/robot/)"
216.73.216.218 - - [21/Dec/2025:06:52:19 +0000] "GET /?path=%2Fvar%2Fwww%2Fvhosts%2Fmutilacaogenitalfeminina.pt%2Fhttpdocs%2Fwp-content%2Fthemes%2Fkadence%2Ftutor%2Fsingle HTTP/1.0" 200 15397 "-" "Mozilla/5.0 AppleWebKit/537.36 (KHTML, like Gecko; compatible; ClaudeBot/1.0; +claudebot@anthropic.com)"
216.73.216.218 - - [21/Dec/2025:06:52:19 +0000] "GET /?path=%2Fvar%2Fwww%2Fvhosts%2Fmutilacaogenitalfeminina.pt%2Fhttpdocs%2Fwp-content%2Fthemes%2Fkadence%2Finc%2Fcustomizer HTTP/1.0" 200 27176 "-" "Mozilla/5.0 AppleWebKit/537.36 (KHTML, like Gecko; compatible; ClaudeBot/1.0; +claudebot@anthropic.com)"
216.73.216.218 - - [21/Dec/2025:06:53:10 +0000] "GET /?path=%2Fvar%2Fwww%2Fvhosts%2Fmutilacaogenitalfeminina.pt%2Fhttpdocs%2Fwp-content%2Fthemes%2Fkadence%2Finc%2Fdashboard HTTP/1.0" 200 17232 "-" "Mozilla/5.0 AppleWebKit/537.36 (KHTML, like Gecko; compatible; ClaudeBot/1.0; +claudebot@anthropic.com)"
216.73.216.218 - - [21/Dec/2025:06:53:44 +0000] "GET /?fileloc=%2Fvar%2Fwww%2Fvhosts%2Fmutilacaogenitalfeminina.pt%2Fhttpdocs%2Fwp-admin%2Fcss%2Fcolors%2Fectoplasm%2Fcolors.css&path=%2Fvar%2Fwww%2Fvhosts%2Fmutilacaogenitalfeminina.pt%2Fhttpdocs%2Fwp-admin%2Fcss%2Fcolors%2Fectoplasm HTTP/1.0" 200 35807 "-" "Mozilla/5.0 AppleWebKit/537.36 (KHTML, like Gecko; compatible; ClaudeBot/1.0; +claudebot@anthropic.com)"
216.73.216.218 - - [21/Dec/2025:06:53:58 +0000] "GET /?fileloc=%2Fvar%2Fwww%2Fvhosts%2Fmutilacaogenitalfeminina.pt%2Fhttpdocs%2Fwp-content%2Fthemes%2Fkadence%2Flanguages%2Ffr_FR.mo&path=%2Fvar%2Fwww%2Fvhosts%2Fmutilacaogenitalfeminina.pt%2Fhttpdocs%2Fwp-content%2Fthemes%2Fkadence%2Flanguages HTTP/1.0" 200 22190 "-" "Mozilla/5.0 AppleWebKit/537.36 (KHTML, like Gecko; compatible; ClaudeBot/1.0; +claudebot@anthropic.com)"
216.73.216.218 - - [21/Dec/2025:06:54:46 +0000] "GET /?fileloc=%2Fvar%2Fwww%2Fvhosts%2Fmutilacaogenitalfeminina.pt%2Fhttpdocs%2Fwp-admin%2Fcss%2Fcolors%2Flight%2Fcolors.scss&path=%2Fvar%2Fwww%2Fvhosts%2Fmutilacaogenitalfeminina.pt%2Fhttpdocs%2Fwp-admin%2Fcss%2Fcolors%2Flight HTTP/1.0" 200 14265 "-" "Mozilla/5.0 AppleWebKit/537.36 (KHTML, like Gecko; compatible; ClaudeBot/1.0; +claudebot@anthropic.com)"
216.73.216.218 - - [21/Dec/2025:06:55:17 +0000] "GET /?fileloc=%2Fvar%2Fwww%2Fvhosts%2Fmutilacaogenitalfeminina.pt%2Fhttpdocs%2Fwp-admin%2Fcss%2Fcolors%2Fectoplasm%2Fcolors.min.css&path=%2Fvar%2Fwww%2Fvhosts%2Fmutilacaogenitalfeminina.pt%2Fhttpdocs%2Fwp-admin%2Fcss%2Fcolors%2Fectoplasm HTTP/1.0" 200 33318 "-" "Mozilla/5.0 AppleWebKit/537.36 (KHTML, like Gecko; compatible; ClaudeBot/1.0; +claudebot@anthropic.com)"
216.73.216.218 - - [21/Dec/2025:06:55:23 +0000] "GET /?fileloc=%2Fvar%2Fwww%2Fvhosts%2Fmutilacaogenitalfeminina.pt%2Fhttpdocs%2Fwp-content%2Fthemes%2Fkadence%2Flanguages%2Fru_RU.mo&path=%2Fvar%2Fwww%2Fvhosts%2Fmutilacaogenitalfeminina.pt%2Fhttpdocs%2Fwp-content%2Fthemes%2Fkadence%2Flanguages HTTP/1.0" 200 77137 "-" "Mozilla/5.0 AppleWebKit/537.36 (KHTML, like Gecko; compatible; ClaudeBot/1.0; +claudebot@anthropic.com)"
51.68.247.199 - - [21/Dec/2025:06:55:26 +0000] "GET /tipos-de-mgf/?fileloc=/var/www/vhosts/mutilacaogenitalfeminina.pt/httpdocs/wp-includes/theme-compat/footer.php&path=/var/www/vhosts/mutilacaogenitalfeminina.pt/httpdocs/wp-includes/theme-compat HTTP/1.0" 200 14452 "-" "Mozilla/5.0 (compatible; AhrefsBot/7.0; +http://ahrefs.com/robot/)"
216.73.216.218 - - [21/Dec/2025:06:55:54 +0000] "GET /?fileloc=%2Fvar%2Fwww%2Fvhosts%2Fmutilacaogenitalfeminina.pt%2Fhttpdocs%2Fwp-admin%2Fcss%2Fcolors%2Flight%2Fcolors-rtl.css&path=%2Fvar%2Fwww%2Fvhosts%2Fmutilacaogenitalfeminina.pt%2Fhttpdocs%2Fwp-admin%2Fcss%2Fcolors%2Flight HTTP/1.0" 200 35512 "-" "Mozilla/5.0 AppleWebKit/537.36 (KHTML, like Gecko; compatible; ClaudeBot/1.0; +claudebot@anthropic.com)"
216.73.216.218 - - [21/Dec/2025:06:56:46 +0000] "GET /?fileloc=%2Fvar%2Fwww%2Fvhosts%2Fmutilacaogenitalfeminina.pt%2Fhttpdocs%2Fwp-admin%2Fcss%2Fcolors%2Flight%2Fcolors-rtl.min.css&path=%2Fvar%2Fwww%2Fvhosts%2Fmutilacaogenitalfeminina.pt%2Fhttpdocs%2Fwp-admin%2Fcss%2Fcolors%2Flight HTTP/1.0" 200 32962 "-" "Mozilla/5.0 AppleWebKit/537.36 (KHTML, like Gecko; compatible; ClaudeBot/1.0; +claudebot@anthropic.com)"
216.73.216.218 - - [21/Dec/2025:06:57:05 +0000] "GET /?fileloc=%2Fvar%2Fwww%2Fvhosts%2Fmutilacaogenitalfeminina.pt%2Fhttpdocs%2Fwp-content%2Fuploads%2F2024%2F08%2FTipo-2.webp&path=%2Fvar%2Fwww%2Fvhosts%2Fmutilacaogenitalfeminina.pt%2Fhttpdocs%2Fwp-content%2Fuploads%2F2024%2F08 HTTP/1.0" 200 20091 "-" "Mozilla/5.0 AppleWebKit/537.36 (KHTML, like Gecko; compatible; ClaudeBot/1.0; +claudebot@anthropic.com)"
216.73.216.218 - - [21/Dec/2025:06:57:23 +0000] "GET /?fileloc=%2Fvar%2Fwww%2Fvhosts%2Fmutilacaogenitalfeminina.pt%2Fhttpdocs%2Fwp-admin%2Fcss%2Fcolors%2Flight%2Fcolors.css&path=%2Fvar%2Fwww%2Fvhosts%2Fmutilacaogenitalfeminina.pt%2Fhttpdocs%2Fwp-admin%2Fcss%2Fcolors%2Flight HTTP/1.0" 200 35507 "-" "Mozilla/5.0 AppleWebKit/537.36 (KHTML, like Gecko; compatible; ClaudeBot/1.0; +claudebot@anthropic.com)"
205.185.121.77 - - [21/Dec/2025:06:57:32 +0000] "GET /wp-login.php HTTP/1.0" 200 70082 "-" "Mozilla/5.0 (Macintosh; Intel Mac OS X 10_9_2) AppleWebKit/537.36 (KHTML, like Gecko) Chrome/35.0.1916.153 Safari/537.36"
51.75.236.130 - - [21/Dec/2025:06:57:34 +0000] "GET /tipos-de-mgf/?path=/var/www/vhosts/mutilacaogenitalfeminina.pt/httpdocs/wp-content/plugins/wp-file-manager HTTP/1.0" 200 29696 "-" "Mozilla/5.0 (compatible; AhrefsBot/7.0; +http://ahrefs.com/robot/)"
216.73.216.218 - - [21/Dec/2025:06:58:16 +0000] "GET /?fileloc=%2Fvar%2Fwww%2Fvhosts%2Fmutilacaogenitalfeminina.pt%2Fhttpdocs%2Fwp-content%2Fuploads%2F2024%2F08%2FMGF_indice.pdf&path=%2Fvar%2Fwww%2Fvhosts%2Fmutilacaogenitalfeminina.pt%2Fhttpdocs%2Fwp-content%2Fuploads%2F2024%2F08 HTTP/1.0" 200 126659 "-" "Mozilla/5.0 AppleWebKit/537.36 (KHTML, like Gecko; compatible; ClaudeBot/1.0; +claudebot@anthropic.com)"
205.185.121.77 - - [21/Dec/2025:06:58:22 +0000] "GET /wp-login.php HTTP/1.0" 200 70082 "-" "Mozilla/5.0 (Windows NT 6.1; WOW64; rv:29.0) Gecko/20100101 Firefox/29.0"
216.73.216.218 - - [21/Dec/2025:06:58:57 +0000] "GET /?path=%2Fvar%2Fwww%2Fvhosts%2Fmutilacaogenitalfeminina.pt%2Fhttpdocs%2Fwp-content%2Fthemes%2Fkadence%2Finc%2Fmeta HTTP/1.0" 200 17167 "-" "Mozilla/5.0 AppleWebKit/537.36 (KHTML, like Gecko; compatible; ClaudeBot/1.0; +claudebot@anthropic.com)"
216.73.216.218 - - [21/Dec/2025:06:59:01 +0000] "GET /?fileloc=%2Fvar%2Fwww%2Fvhosts%2Fmutilacaogenitalfeminina.pt%2Fhttpdocs%2Fwp-content%2Fuploads%2F2024%2F08%2FTipo-1.webp&path=%2Fvar%2Fwww%2Fvhosts%2Fmutilacaogenitalfeminina.pt%2Fhttpdocs%2Fwp-content%2Fuploads%2F2024%2F08 HTTP/1.0" 200 22747 "-" "Mozilla/5.0 AppleWebKit/537.36 (KHTML, like Gecko; compatible; ClaudeBot/1.0; +claudebot@anthropic.com)"
216.73.216.218 - - [21/Dec/2025:06:59:07 +0000] "GET /?fileloc=%2Fvar%2Fwww%2Fvhosts%2Fmutilacaogenitalfeminina.pt%2Fhttpdocs%2Fwp-content%2Fuploads%2F2024%2F08%2FTipo-3.webp&path=%2Fvar%2Fwww%2Fvhosts%2Fmutilacaogenitalfeminina.pt%2Fhttpdocs%2Fwp-content%2Fuploads%2F2024%2F08 HTTP/1.0" 200 22038 "-" "Mozilla/5.0 AppleWebKit/537.36 (KHTML, like Gecko; compatible; ClaudeBot/1.0; +claudebot@anthropic.com)"
205.185.121.77 - - [21/Dec/2025:06:59:14 +0000] "GET /wp-login.php HTTP/1.0" 200 70082 "-" "Mozilla/5.0 (X11; Linux x86_64) AppleWebKit/537.36 (KHTML, like Gecko) Chrome/36.0.1985.143 Safari/537.36"
205.185.121.77 - - [21/Dec/2025:06:59:15 +0000] "GET /wp-login.php HTTP/1.0" 200 70082 "-" "Mozilla/5.0 (Macintosh; Intel Mac OS X 10_9_4 AppleWebKit/537.36 (KHTML, like Gecko) Chrome/36.0.1985.125 Safari/537.36"
94.23.188.218 - - [21/Dec/2025:06:59:50 +0000] "GET /tipos-de-mgf/?path=/var/www/vhosts/mutilacaogenitalfeminina.pt/httpdocs/wp-content/plugins/smart-slider-3 HTTP/1.0" 200 25425 "-" "Mozilla/5.0 (compatible; AhrefsBot/7.0; +http://ahrefs.com/robot/)"
205.185.121.77 - - [21/Dec/2025:07:00:02 +0000] "GET /wp-login.php HTTP/1.0" 200 70082 "-" "Mozilla/5.0 (iPad; CPU OS 7_1_2 like Mac OS X) AppleWebKit/537.51.2 (KHTML, like Gecko) Version/7.0 Mobile/11D257 Safari/9537.53"
205.185.121.77 - - [21/Dec/2025:07:00:03 +0000] "GET /wp-login.php HTTP/1.0" 200 70082 "-" "Mozilla/5.0 (iPad; CPU OS 7_1_2 like Mac OS X) AppleWebKit/537.51.2 (KHTML, like Gecko) Version/7.0 Mobile/11D257 Safari/9537.53"
216.73.216.218 - - [21/Dec/2025:07:00:05 +0000] "GET /?path=%2Fvar%2Fwww%2Fvhosts%2Fmutilacaogenitalfeminina.pt%2Fhttpdocs%2Fwp-content%2Fthemes%2Fkadence%2Finc%2Fmeat HTTP/1.0" 200 15371 "-" "Mozilla/5.0 AppleWebKit/537.36 (KHTML, like Gecko; compatible; ClaudeBot/1.0; +claudebot@anthropic.com)"
216.73.216.218 - - [21/Dec/2025:07:00:22 +0000] "GET /?path=%2Fvar%2Fwww%2Fvhosts%2Fmutilacaogenitalfeminina.pt%2Fhttpdocs%2Fwp-content%2Fthemes%2Fkadence%2Ftemplate-parts%2Ftitle HTTP/1.0" 200 33542 "-" "Mozilla/5.0 AppleWebKit/537.36 (KHTML, like Gecko; compatible; ClaudeBot/1.0; +claudebot@anthropic.com)"
205.185.121.77 - - [21/Dec/2025:07:00:29 +0000] "GET /wp-login.php HTTP/1.0" 200 70082 "-" "Mozilla/5.0 (iPad; CPU OS 7_1_2 like Mac OS X) AppleWebKit/537.51.2 (KHTML, like Gecko) Version/7.0 Mobile/11D257 Safari/9537.53"
205.185.121.77 - - [21/Dec/2025:07:00:42 +0000] "GET /wp-login.php HTTP/1.0" 200 70082 "-" "Mozilla/5.0 (Macintosh; Intel Mac OS X 10.8; rv:31.0) Gecko/20100101 Firefox/31.0"
216.73.216.218 - - [21/Dec/2025:07:00:52 +0000] "GET /?fileloc=%2Fvar%2Fwww%2Fvhosts%2Fmutilacaogenitalfeminina.pt%2Fhttpdocs%2Fwp-admin%2Fcss%2Fcolors%2Flight%2Fcolors.min.css&path=%2Fvar%2Fwww%2Fvhosts%2Fmutilacaogenitalfeminina.pt%2Fhttpdocs%2Fwp-admin%2Fcss%2Fcolors%2Flight HTTP/1.0" 200 32957 "-" "Mozilla/5.0 AppleWebKit/537.36 (KHTML, like Gecko; compatible; ClaudeBot/1.0; +claudebot@anthropic.com)"
205.185.121.77 - - [21/Dec/2025:07:00:55 +0000] "GET /wp-admin/plugin-install.php?tab=upload HTTP/1.0" 403 1229 "-" "Mozilla/5.0 (iPad; CPU OS 7_1_2 like Mac OS X) AppleWebKit/537.51.2 (KHTML, like Gecko) Version/7.0 Mobile/11D257 Safari/9537.53"
216.73.216.218 - - [21/Dec/2025:07:00:59 +0000] "GET /?fileloc=%2Fvar%2Fwww%2Fvhosts%2Fmutilacaogenitalfeminina.pt%2Fhttpdocs%2Fwp-content%2Fthemes%2Fkadence%2Flanguages%2Fes_ES.po&path=%2Fvar%2Fwww%2Fvhosts%2Fmutilacaogenitalfeminina.pt%2Fhttpdocs%2Fwp-content%2Fthemes%2Fkadence%2Flanguages HTTP/1.0" 200 259219 "-" "Mozilla/5.0 AppleWebKit/537.36 (KHTML, like Gecko; compatible; ClaudeBot/1.0; +claudebot@anthropic.com)"
37.59.204.147 - - [21/Dec/2025:07:01:01 +0000] "GET /tipos-de-mgf/?path=/var/www/vhosts/mutilacaogenitalfeminina.pt/httpdocs/wp-content/plugins/all-in-one-wp-migration HTTP/1.0" 200 34584 "-" "Mozilla/5.0 (compatible; AhrefsBot/7.0; +http://ahrefs.com/robot/)"
205.185.121.77 - - [21/Dec/2025:07:01:19 +0000] "GET /wp-admin/ HTTP/1.0" 200 178461 "-" "Mozilla/5.0 (iPad; CPU OS 7_1_2 like Mac OS X) AppleWebKit/537.51.2 (KHTML, like Gecko) Version/7.0 Mobile/11D257 Safari/9537.53"
205.185.121.77 - - [21/Dec/2025:07:01:29 +0000] "GET /wp-login.php HTTP/1.0" 200 70082 "-" "Mozilla/5.0 (Macintosh; Intel Mac OS X 10_9_2) AppleWebKit/537.36 (KHTML, like Gecko) Chrome/36.0.1985.125 Safari/537.36"
216.73.216.218 - - [21/Dec/2025:07:01:51 +0000] "GET /?fileloc=%2Fvar%2Fwww%2Fvhosts%2Fmutilacaogenitalfeminina.pt%2Fhttpdocs%2Fwp-content%2Fthemes%2Fkadence%2Flanguages%2Ffr_FR.po&path=%2Fvar%2Fwww%2Fvhosts%2Fmutilacaogenitalfeminina.pt%2Fhttpdocs%2Fwp-content%2Fthemes%2Fkadence%2Flanguages HTTP/1.0" 200 257460 "-" "Mozilla/5.0 AppleWebKit/537.36 (KHTML, like Gecko; compatible; ClaudeBot/1.0; +claudebot@anthropic.com)"
216.73.216.218 - - [21/Dec/2025:07:02:02 +0000] "GET /?fileloc=%2Fvar%2Fwww%2Fvhosts%2Fmutilacaogenitalfeminina.pt%2Fhttpdocs%2Fwp-content%2Fuploads%2F2024%2F08%2FTipo-1-150x150.webp&path=%2Fvar%2Fwww%2Fvhosts%2Fmutilacaogenitalfeminina.pt%2Fhttpdocs%2Fwp-content%2Fuploads%2F2024%2F08 HTTP/1.0" 200 17885 "-" "Mozilla/5.0 AppleWebKit/537.36 (KHTML, like Gecko; compatible; ClaudeBot/1.0; +claudebot@anthropic.com)"
92.222.108.99 - - [21/Dec/2025:07:02:04 +0000] "GET /tipos-de-mgf/?path=/var/www/vhosts/mutilacaogenitalfeminina.pt/httpdocs/wp-content/plugins/3d-flipbook-dflip-lite HTTP/1.0" 200 22117 "-" "Mozilla/5.0 (compatible; AhrefsBot/7.0; +http://ahrefs.com/robot/)"
205.185.121.77 - - [21/Dec/2025:07:02:11 +0000] "GET /wp-login.php HTTP/1.0" 200 70082 "-" "Mozilla/5.0 (Macintosh; Intel Mac OS X 10_9_2) AppleWebKit/537.36 (KHTML, like Gecko) Chrome/36.0.1985.125 Safari/537.36"
216.73.216.218 - - [21/Dec/2025:07:02:20 +0000] "GET /?fileloc=%2Fvar%2Fwww%2Fvhosts%2Fmutilacaogenitalfeminina.pt%2Fhttpdocs%2Fwp-content%2Fuploads%2F2024%2F08%2FTipo-2-150x150.webp&path=%2Fvar%2Fwww%2Fvhosts%2Fmutilacaogenitalfeminina.pt%2Fhttpdocs%2Fwp-content%2Fuploads%2F2024%2F08 HTTP/1.0" 200 17311 "-" "Mozilla/5.0 AppleWebKit/537.36 (KHTML, like Gecko; compatible; ClaudeBot/1.0; +claudebot@anthropic.com)"
205.185.121.77 - - [21/Dec/2025:07:02:22 +0000] "GET /wp-login.php HTTP/1.0" 200 70082 "-" "Mozilla/5.0 (Windows NT 6.1; rv:31.0) Gecko/20100101 Firefox/31.0"
205.185.121.77 - - [21/Dec/2025:07:02:40 +0000] "GET /wp-admin/plugin-install.php?tab=upload HTTP/1.0" 403 1229 "-" "Mozilla/5.0 (Macintosh; Intel Mac OS X 10_9_2) AppleWebKit/537.36 (KHTML, like Gecko) Chrome/36.0.1985.125 Safari/537.36"
205.185.121.77 - - [21/Dec/2025:07:02:49 +0000] "GET /wp-login.php HTTP/1.0" 200 70082 "-" "Mozilla/5.0 (Windows NT 6.1; rv:24.0) Gecko/20100101 Firefox/24.0"
54.37.118.74 - - [21/Dec/2025:07:03:07 +0000] "GET /mutilacao-genital-feminina-o-que-e/?pilihan&path=/var/www/vhosts/mutilacaogenitalfeminina.pt/.wp-cli HTTP/1.0" 200 14741 "-" "Mozilla/5.0 (compatible; AhrefsBot/7.0; +http://ahrefs.com/robot/)"
205.185.121.77 - - [21/Dec/2025:07:03:10 +0000] "GET /wp-admin/ HTTP/1.0" 200 178461 "-" "Mozilla/5.0 (Macintosh; Intel Mac OS X 10_9_2) AppleWebKit/537.36 (KHTML, like Gecko) Chrome/36.0.1985.125 Safari/537.36"
205.185.121.77 - - [21/Dec/2025:07:03:15 +0000] "GET /wp-login.php HTTP/1.0" 200 70082 "-" "Mozilla/5.0 (Windows NT 6.1; WOW64) AppleWebKit/537.36 (KHTML, like Gecko) Chrome/35.0.1916.153 Safari/537.36"
216.73.216.218 - - [21/Dec/2025:07:03:31 +0000] "GET /?fileloc=%2Fvar%2Fwww%2Fvhosts%2Fmutilacaogenitalfeminina.pt%2Fhttpdocs%2Fwp-content%2Fuploads%2F2024%2F08%2FTipo-3-150x150.webp&path=%2Fvar%2Fwww%2Fvhosts%2Fmutilacaogenitalfeminina.pt%2Fhttpdocs%2Fwp-content%2Fuploads%2F2024%2F08 HTTP/1.0" 200 17971 "-" "Mozilla/5.0 AppleWebKit/537.36 (KHTML, like Gecko; compatible; ClaudeBot/1.0; +claudebot@anthropic.com)"
216.73.216.218 - - [21/Dec/2025:07:03:41 +0000] "GET /?fileloc=%2Fvar%2Fwww%2Fvhosts%2Fmutilacaogenitalfeminina.pt%2Fhttpdocs%2Fwp-content%2Fthemes%2Fkadence%2Flanguages%2Fru_RU.po&path=%2Fvar%2Fwww%2Fvhosts%2Fmutilacaogenitalfeminina.pt%2Fhttpdocs%2Fwp-content%2Fthemes%2Fkadence%2Flanguages HTTP/1.0" 200 283742 "-" "Mozilla/5.0 AppleWebKit/537.36 (KHTML, like Gecko; compatible; ClaudeBot/1.0; +claudebot@anthropic.com)"
205.185.121.77 - - [21/Dec/2025:07:03:44 +0000] "GET /wp-login.php HTTP/1.0" 200 70082 "-" "Mozilla/5.0 (Windows NT 6.3; WOW64) AppleWebKit/537.36 (KHTML, like Gecko) Chrome/35.0.1916.153 Safari/537.36"
216.73.216.218 - - [21/Dec/2025:07:03:53 +0000] "GET /?fileloc=%2Fvar%2Fwww%2Fvhosts%2Fmutilacaogenitalfeminina.pt%2Fhttpdocs%2Fwp-content%2Fthemes%2Fkadence%2Flanguages%2Fes_ES.mo&path=%2Fvar%2Fwww%2Fvhosts%2Fmutilacaogenitalfeminina.pt%2Fhttpdocs%2Fwp-content%2Fthemes%2Fkadence%2Flanguages HTTP/1.0" 200 59299 "-" "Mozilla/5.0 AppleWebKit/537.36 (KHTML, like Gecko; compatible; ClaudeBot/1.0; +claudebot@anthropic.com)"
205.185.121.77 - - [21/Dec/2025:07:04:04 +0000] "GET /wp-login.php HTTP/1.0" 200 70082 "-" "Mozilla/5.0 (Windows NT 6.3; WOW64) AppleWebKit/537.36 (KHTML, like Gecko) Chrome/36.0.1985.125 Safari/537.36"
54.37.118.79 - - [21/Dec/2025:07:04:09 +0000] "GET /tipos-de-mgf/?fileloc=/var/www/vhosts/mutilacaogenitalfeminina.pt/httpdocs/wp-admin/js/updates.js&path=/var/www/vhosts/mutilacaogenitalfeminina.pt/httpdocs/wp-admin/js HTTP/1.0" 200 139301 "-" "Mozilla/5.0 (compatible; AhrefsBot/7.0; +http://ahrefs.com/robot/)"
205.185.121.77 - - [21/Dec/2025:07:04:09 +0000] "GET /wp-login.php HTTP/1.0" 200 70082 "-" "Mozilla/5.0 (Windows NT 6.1) AppleWebKit/537.36 (KHTML, like Gecko) Chrome/36.0.1985.125 Safari/537.36"
205.185.121.77 - - [21/Dec/2025:07:04:24 +0000] "POST /wp-login.php HTTP/1.0" 200 70082 "-" "Mozilla/5.0 (Windows NT 6.1) AppleWebKit/537.36 (KHTML, like Gecko) Chrome/36.0.1985.125 Safari/537.36"
205.185.121.77 - - [21/Dec/2025:07:04:31 +0000] "GET /wp-login.php HTTP/1.0" 200 70082 "-" "Mozilla/5.0 (Macintosh; Intel Mac OS X 10_9_0) AppleWebKit/537.36 (KHTML, like Gecko) Chrome/36.0.1985.125 Safari/537.36"
216.73.216.218 - - [21/Dec/2025:07:04:34 +0000] "GET /?path=%2Fvar%2Fwww%2Fvhosts%2Fmutilacaogenitalfeminina.pt%2Fhttpdocs%2Fwp-content%2Fuploads%2Felementor%2Fgoogle-fonts%2Fcss HTTP/1.0" 200 17455 "-" "Mozilla/5.0 AppleWebKit/537.36 (KHTML, like Gecko; compatible; ClaudeBot/1.0; +claudebot@anthropic.com)"
205.185.121.77 - - [21/Dec/2025:07:04:39 +0000] "GET /wp-admin/plugin-install.php?tab=upload HTTP/1.0" 403 1229 "-" "Mozilla/5.0 (Windows NT 6.1) AppleWebKit/537.36 (KHTML, like Gecko) Chrome/36.0.1985.125 Safari/537.36"
205.185.121.77 - - [21/Dec/2025:07:04:54 +0000] "GET /wp-admin/ HTTP/1.0" 200 178461 "-" "Mozilla/5.0 (Windows NT 6.1) AppleWebKit/537.36 (KHTML, like Gecko) Chrome/36.0.1985.125 Safari/537.36"
205.185.121.77 - - [21/Dec/2025:07:05:03 +0000] "GET /wp-login.php HTTP/1.0" 200 70082 "-" "Mozilla/5.0 (Macintosh; Intel Mac OS X 10_9_3) AppleWebKit/537.76.4 (KHTML, like Gecko) Version/7.0.4 Safari/537.76.4"
216.73.216.218 - - [21/Dec/2025:07:05:11 +0000] "GET /?fileloc=%2Fvar%2Fwww%2Fvhosts%2Fmutilacaogenitalfeminina.pt%2Fhttpdocs%2Fwp-content%2Fthemes%2Fkadence%2Flanguages%2Fde_DE.po&path=%2Fvar%2Fwww%2Fvhosts%2Fmutilacaogenitalfeminina.pt%2Fhttpdocs%2Fwp-content%2Fthemes%2Fkadence%2Flanguages HTTP/1.0" 200 286069 "-" "Mozilla/5.0 AppleWebKit/537.36 (KHTML, like Gecko; compatible; ClaudeBot/1.0; +claudebot@anthropic.com)"
205.185.121.77 - - [21/Dec/2025:07:05:26 +0000] "GET /wp-login.php HTTP/1.0" 200 70082 "-" "Mozilla/5.0 (Macintosh; Intel Mac OS X 10_9_4) AppleWebKit/537.36 (KHTML, like Gecko) Chrome/36.0.1985.143 Safari/537.36"
205.185.121.77 - - [21/Dec/2025:07:05:30 +0000] "GET /wp-login.php HTTP/1.0" 200 70082 "-" "Mozilla/5.0 (Macintosh; Intel Mac OS X 10_9_3) AppleWebKit/537.36 (KHTML, like Gecko) Chrome/35.0.1916.153 Safari/537.36"
205.185.121.77 - - [21/Dec/2025:07:05:51 +0000] "GET /wp-login.php HTTP/1.0" 200 70082 "-" "Mozilla/5.0 (Macintosh; Intel Mac OS X 10_9_2) AppleWebKit/537.75.14 (KHTML, like Gecko) Version/7.0.3 Safari/537.75.14"
92.222.108.116 - - [21/Dec/2025:07:05:52 +0000] "GET /tipos-de-mgf/?fileloc=/var/www/vhosts/mutilacaogenitalfeminina.pt/httpdocs/wp-admin/js/tags-suggest.js&path=/var/www/vhosts/mutilacaogenitalfeminina.pt/httpdocs/wp-admin/js HTTP/1.0" 200 19545 "-" "Mozilla/5.0 (compatible; AhrefsBot/7.0; +http://ahrefs.com/robot/)"
205.185.121.77 - - [21/Dec/2025:07:06:07 +0000] "POST /wp-login.php HTTP/1.0" 200 70082 "-" "Mozilla/5.0 (Macintosh; Intel Mac OS X 10_9_2) AppleWebKit/537.75.14 (KHTML, like Gecko) Version/7.0.3 Safari/537.75.14"
216.73.216.218 - - [21/Dec/2025:07:06:10 +0000] "GET /?fileloc=%2Fvar%2Fwww%2Fvhosts%2Fmutilacaogenitalfeminina.pt%2Fhttpdocs%2Fwp-content%2Fthemes%2Fkadence%2Flanguages%2Fde_DE.mo&path=%2Fvar%2Fwww%2Fvhosts%2Fmutilacaogenitalfeminina.pt%2Fhttpdocs%2Fwp-content%2Fthemes%2Fkadence%2Flanguages HTTP/1.0" 200 81304 "-" "Mozilla/5.0 AppleWebKit/537.36 (KHTML, like Gecko; compatible; ClaudeBot/1.0; +claudebot@anthropic.com)"
216.73.216.218 - - [21/Dec/2025:07:06:16 +0000] "GET /?fileloc=%2Fvar%2Fwww%2Fvhosts%2Fmutilacaogenitalfeminina.pt%2Fhttpdocs%2Fwp-admin%2Fcss%2Fcolors%2Fcoffee%2Fcolors.scss&path=%2Fvar%2Fwww%2Fvhosts%2Fmutilacaogenitalfeminina.pt%2Fhttpdocs%2Fwp-admin%2Fcss%2Fcolors%2Fcoffee HTTP/1.0" 200 13614 "-" "Mozilla/5.0 AppleWebKit/537.36 (KHTML, like Gecko; compatible; ClaudeBot/1.0; +claudebot@anthropic.com)"
216.73.216.218 - - [21/Dec/2025:07:06:16 +0000] "GET /?path=%2Fvar%2Fwww%2Fvhosts%2Fmutilacaogenitalfeminina.pt%2Fhttpdocs%2Fwp-content%2Fthemes%2Fkadence%2Fassets%2Fcss HTTP/1.0" 200 73595 "-" "Mozilla/5.0 AppleWebKit/537.36 (KHTML, like Gecko; compatible; ClaudeBot/1.0; +claudebot@anthropic.com)"
216.73.216.218 - - [21/Dec/2025:07:06:17 +0000] "GET /?path=%2Fvar%2Fwww%2Fvhosts%2Fmutilacaogenitalfeminina.pt%2Fhttpdocs%2Fwp-content%2Fthemes%2Fkadence%2Fassets%2Fjs HTTP/1.0" 200 45262 "-" "Mozilla/5.0 AppleWebKit/537.36 (KHTML, like Gecko; compatible; ClaudeBot/1.0; +claudebot@anthropic.com)"
205.185.121.77 - - [21/Dec/2025:07:06:24 +0000] "GET /wp-admin/plugin-install.php?tab=upload HTTP/1.0" 403 1229 "-" "Mozilla/5.0 (Macintosh; Intel Mac OS X 10_9_2) AppleWebKit/537.75.14 (KHTML, like Gecko) Version/7.0.3 Safari/537.75.14"
205.185.121.77 - - [21/Dec/2025:07:06:38 +0000] "GET /wp-admin/ HTTP/1.0" 200 178461 "-" "Mozilla/5.0 (Macintosh; Intel Mac OS X 10_9_2) AppleWebKit/537.75.14 (KHTML, like Gecko) Version/7.0.3 Safari/537.75.14"
216.73.216.218 - - [21/Dec/2025:07:06:38 +0000] "GET /?fileloc=%2Fvar%2Fwww%2Fvhosts%2Fmutilacaogenitalfeminina.pt%2Fhttpdocs%2Fwp-admin%2Fcss%2Fcolors%2Fmidnight%2Fcolors.scss&path=%2Fvar%2Fwww%2Fvhosts%2Fmutilacaogenitalfeminina.pt%2Fhttpdocs%2Fwp-admin%2Fcss%2Fcolors%2Fmidnight HTTP/1.0" 200 13734 "-" "Mozilla/5.0 AppleWebKit/537.36 (KHTML, like Gecko; compatible; ClaudeBot/1.0; +claudebot@anthropic.com)"
216.73.216.218 - - [21/Dec/2025:07:06:38 +0000] "GET /?fileloc=%2Fvar%2Fwww%2Fvhosts%2Fmutilacaogenitalfeminina.pt%2Fhttpdocs%2Fwp-admin%2Fcss%2Fcolors%2Fmodern%2Fcolors.scss&path=%2Fvar%2Fwww%2Fvhosts%2Fmutilacaogenitalfeminina.pt%2Fhttpdocs%2Fwp-admin%2Fcss%2Fcolors%2Fmodern HTTP/1.0" 200 13755 "-" "Mozilla/5.0 AppleWebKit/537.36 (KHTML, like Gecko; compatible; ClaudeBot/1.0; +claudebot@anthropic.com)"
216.73.216.218 - - [21/Dec/2025:07:06:39 +0000] "GET /?fileloc=%2Fvar%2Fwww%2Fvhosts%2Fmutilacaogenitalfeminina.pt%2Fhttpdocs%2Fwp-content%2Fuploads%2F2024%2F11%2FGentopia.webp&path=%2Fvar%2Fwww%2Fvhosts%2Fmutilacaogenitalfeminina.pt%2Fhttpdocs%2Fwp-content%2Fuploads%2F2024%2F11 HTTP/1.0" 200 20634 "-" "Mozilla/5.0 AppleWebKit/537.36 (KHTML, like Gecko; compatible; ClaudeBot/1.0; +claudebot@anthropic.com)"
205.185.121.77 - - [21/Dec/2025:07:07:09 +0000] "GET /wp-login.php HTTP/1.0" 200 70082 "-" "Mozilla/5.0 (Macintosh; Intel Mac OS X 10_9_3) AppleWebKit/537.36 (KHTML, like Gecko) Chrome/35.0.1916.153 Safari/537.36"
216.73.216.218 - - [21/Dec/2025:07:07:14 +0000] "GET /?fileloc=%2Fvar%2Fwww%2Fvhosts%2Fmutilacaogenitalfeminina.pt%2Fhttpdocs%2Fwp-admin%2Fcss%2Fcolors%2Fmodern%2Fcolors-rtl.css&path=%2Fvar%2Fwww%2Fvhosts%2Fmutilacaogenitalfeminina.pt%2Fhttpdocs%2Fwp-admin%2Fcss%2Fcolors%2Fmodern HTTP/1.0" 200 35712 "-" "Mozilla/5.0 AppleWebKit/537.36 (KHTML, like Gecko; compatible; ClaudeBot/1.0; +claudebot@anthropic.com)"
216.73.216.218 - - [21/Dec/2025:07:07:14 +0000] "GET /?fileloc=%2Fvar%2Fwww%2Fvhosts%2Fmutilacaogenitalfeminina.pt%2Fhttpdocs%2Fwp-admin%2Fcss%2Fcolors%2Fblue%2Fcolors.scss&path=%2Fvar%2Fwww%2Fvhosts%2Fmutilacaogenitalfeminina.pt%2Fhttpdocs%2Fwp-admin%2Fcss%2Fcolors%2Fblue HTTP/1.0" 200 13742 "-" "Mozilla/5.0 AppleWebKit/537.36 (KHTML, like Gecko; compatible; ClaudeBot/1.0; +claudebot@anthropic.com)"
216.73.216.218 - - [21/Dec/2025:07:07:15 +0000] "GET /?fileloc=%2Fvar%2Fwww%2Fvhosts%2Fmutilacaogenitalfeminina.pt%2Fhttpdocs%2Fwp-admin%2Fcss%2Fcolors%2Fcoffee%2Fcolors-rtl.css&path=%2Fvar%2Fwww%2Fvhosts%2Fmutilacaogenitalfeminina.pt%2Fhttpdocs%2Fwp-admin%2Fcss%2Fcolors%2Fcoffee HTTP/1.0" 200 34876 "-" "Mozilla/5.0 AppleWebKit/537.36 (KHTML, like Gecko; compatible; ClaudeBot/1.0; +claudebot@anthropic.com)"
216.73.216.218 - - [21/Dec/2025:07:07:23 +0000] "GET /?fileloc=%2Fvar%2Fwww%2Fvhosts%2Fmutilacaogenitalfeminina.pt%2Fhttpdocs%2Fwp-admin%2Fcss%2Fcolors%2Fblue%2Fcolors-rtl.css&path=%2Fvar%2Fwww%2Fvhosts%2Fmutilacaogenitalfeminina.pt%2Fhttpdocs%2Fwp-admin%2Fcss%2Fcolors%2Fblue HTTP/1.0" 200 35389 "-" "Mozilla/5.0 AppleWebKit/537.36 (KHTML, like Gecko; compatible; ClaudeBot/1.0; +claudebot@anthropic.com)"
216.73.216.218 - - [21/Dec/2025:07:07:23 +0000] "GET /?fileloc=%2Fvar%2Fwww%2Fvhosts%2Fmutilacaogenitalfeminina.pt%2Fhttpdocs%2Fwp-content%2Fuploads%2F2024%2F11%2Fimagem-2.webp&path=%2Fvar%2Fwww%2Fvhosts%2Fmutilacaogenitalfeminina.pt%2Fhttpdocs%2Fwp-content%2Fuploads%2F2024%2F11 HTTP/1.0" 200 23078 "-" "Mozilla/5.0 AppleWebKit/537.36 (KHTML, like Gecko; compatible; ClaudeBot/1.0; +claudebot@anthropic.com)"
216.73.216.218 - - [21/Dec/2025:07:07:24 +0000] "GET /?fileloc=%2Fvar%2Fwww%2Fvhosts%2Fmutilacaogenitalfeminina.pt%2Fhttpdocs%2Fwp-admin%2Fcss%2Fcolors%2Fmidnight%2Fcolors-rtl.css&path=%2Fvar%2Fwww%2Fvhosts%2Fmutilacaogenitalfeminina.pt%2Fhttpdocs%2Fwp-admin%2Fcss%2Fcolors%2Fmidnight HTTP/1.0" 200 35983 "-" "Mozilla/5.0 AppleWebKit/537.36 (KHTML, like Gecko; compatible; ClaudeBot/1.0; +claudebot@anthropic.com)"
176.31.139.9 - - [21/Dec/2025:07:07:49 +0000] "GET /tipos-de-mgf/?fileloc=/var/www/vhosts/mutilacaogenitalfeminina.pt/httpdocs/wp-admin/js/svg-painter.js&path=/var/www/vhosts/mutilacaogenitalfeminina.pt/httpdocs/wp-admin/js HTTP/1.0" 200 16871 "-" "Mozilla/5.0 (compatible; AhrefsBot/7.0; +http://ahrefs.com/robot/)"
216.73.216.218 - - [21/Dec/2025:07:07:59 +0000] "GET /?fileloc=%2Fvar%2Fwww%2Fvhosts%2Fmutilacaogenitalfeminina.pt%2Fhttpdocs%2Fwp-content%2Fuploads%2F2024%2F11%2FUNICEF_Logo.webp&path=%2Fvar%2Fwww%2Fvhosts%2Fmutilacaogenitalfeminina.pt%2Fhttpdocs%2Fwp-content%2Fuploads%2F2024%2F11 HTTP/1.0" 200 140542 "-" "Mozilla/5.0 AppleWebKit/537.36 (KHTML, like Gecko; compatible; ClaudeBot/1.0; +claudebot@anthropic.com)"
216.73.216.218 - - [21/Dec/2025:07:07:59 +0000] "GET /?fileloc=%2Fvar%2Fwww%2Fvhosts%2Fmutilacaogenitalfeminina.pt%2Fhttpdocs%2Fwp-admin%2Fcss%2Fcolors%2Fcoffee%2Fcolors.css&path=%2Fvar%2Fwww%2Fvhosts%2Fmutilacaogenitalfeminina.pt%2Fhttpdocs%2Fwp-admin%2Fcss%2Fcolors%2Fcoffee HTTP/1.0" 200 34871 "-" "Mozilla/5.0 AppleWebKit/537.36 (KHTML, like Gecko; compatible; ClaudeBot/1.0; +claudebot@anthropic.com)"
216.73.216.218 - - [21/Dec/2025:07:08:00 +0000] "GET /?fileloc=%2Fvar%2Fwww%2Fvhosts%2Fmutilacaogenitalfeminina.pt%2Fhttpdocs%2Fwp-content%2Fuploads%2F2024%2F11%2FWHO-scaled.webp&path=%2Fvar%2Fwww%2Fvhosts%2Fmutilacaogenitalfeminina.pt%2Fhttpdocs%2Fwp-content%2Fuploads%2F2024%2F11 HTTP/1.0" 200 277457 "-" "Mozilla/5.0 AppleWebKit/537.36 (KHTML, like Gecko; compatible; ClaudeBot/1.0; +claudebot@anthropic.com)"
216.73.216.218 - - [21/Dec/2025:07:08:06 +0000] "GET /?fileloc=%2Fvar%2Fwww%2Fvhosts%2Fmutilacaogenitalfeminina.pt%2Fhttpdocs%2Fwp-admin%2Fcss%2Fcolors%2Fcoffee%2Fcolors-rtl.min.css&path=%2Fvar%2Fwww%2Fvhosts%2Fmutilacaogenitalfeminina.pt%2Fhttpdocs%2Fwp-admin%2Fcss%2Fcolors%2Fcoffee HTTP/1.0" 200 32474 "-" "Mozilla/5.0 AppleWebKit/537.36 (KHTML, like Gecko; compatible; ClaudeBot/1.0; +claudebot@anthropic.com)"
216.73.216.218 - - [21/Dec/2025:07:08:06 +0000] "GET /?fileloc=%2Fvar%2Fwww%2Fvhosts%2Fmutilacaogenitalfeminina.pt%2Fhttpdocs%2Fwp-content%2Fuploads%2F2024%2F11%2FUNFPA.webp&path=%2Fvar%2Fwww%2Fvhosts%2Fmutilacaogenitalfeminina.pt%2Fhttpdocs%2Fwp-content%2Fuploads%2F2024%2F11 HTTP/1.0" 200 130541 "-" "Mozilla/5.0 AppleWebKit/537.36 (KHTML, like Gecko; compatible; ClaudeBot/1.0; +claudebot@anthropic.com)"
216.73.216.218 - - [21/Dec/2025:07:08:06 +0000] "GET /?path=%2Fvar%2Fwww%2Fvhosts%2Fmutilacaogenitalfeminina.pt%2Fhttpdocs%2Fwp-content%2Fthemes%2Fkadence%2Ftribe%2Fevents HTTP/1.0" 200 17204 "-" "Mozilla/5.0 AppleWebKit/537.36 (KHTML, like Gecko; compatible; ClaudeBot/1.0; +claudebot@anthropic.com)"
216.73.216.218 - - [21/Dec/2025:07:09:20 +0000] "GET /?fileloc=%2Fvar%2Fwww%2Fvhosts%2Fmutilacaogenitalfeminina.pt%2Fhttpdocs%2Fwp-content%2Fuploads%2F2024%2F11%2FWHO.webp&path=%2Fvar%2Fwww%2Fvhosts%2Fmutilacaogenitalfeminina.pt%2Fhttpdocs%2Fwp-content%2Fuploads%2F2024%2F11 HTTP/1.0" 200 359766 "-" "Mozilla/5.0 AppleWebKit/537.36 (KHTML, like Gecko; compatible; ClaudeBot/1.0; +claudebot@anthropic.com)"
216.73.216.218 - - [21/Dec/2025:07:09:20 +0000] "GET /?fileloc=%2Fvar%2Fwww%2Fvhosts%2Fmutilacaogenitalfeminina.pt%2Fhttpdocs%2Fwp-content%2Fuploads%2F2024%2F11%2FEIGE_Logo.webp&path=%2Fvar%2Fwww%2Fvhosts%2Fmutilacaogenitalfeminina.pt%2Fhttpdocs%2Fwp-content%2Fuploads%2F2024%2F11 HTTP/1.0" 200 78343 "-" "Mozilla/5.0 AppleWebKit/537.36 (KHTML, like Gecko; compatible; ClaudeBot/1.0; +claudebot@anthropic.com)"
216.73.216.218 - - [21/Dec/2025:07:09:48 +0000] "GET /?fileloc=%2Fvar%2Fwww%2Fvhosts%2Fmutilacaogenitalfeminina.pt%2Fhttpdocs%2Fwp-admin%2Fcss%2Fcolors%2Fmidnight%2Fcolors.css&path=%2Fvar%2Fwww%2Fvhosts%2Fmutilacaogenitalfeminina.pt%2Fhttpdocs%2Fwp-admin%2Fcss%2Fcolors%2Fmidnight HTTP/1.0" 200 35978 "-" "Mozilla/5.0 AppleWebKit/537.36 (KHTML, like Gecko; compatible; ClaudeBot/1.0; +claudebot@anthropic.com)"
216.73.216.218 - - [21/Dec/2025:07:09:48 +0000] "GET /?fileloc=%2Fvar%2Fwww%2Fvhosts%2Fmutilacaogenitalfeminina.pt%2Fhttpdocs%2Fwp-admin%2Fcss%2Fcolors%2Fmodern%2Fcolors.css&path=%2Fvar%2Fwww%2Fvhosts%2Fmutilacaogenitalfeminina.pt%2Fhttpdocs%2Fwp-admin%2Fcss%2Fcolors%2Fmodern HTTP/1.0" 200 35707 "-" "Mozilla/5.0 AppleWebKit/537.36 (KHTML, like Gecko; compatible; ClaudeBot/1.0; +claudebot@anthropic.com)"
216.73.216.218 - - [21/Dec/2025:07:09:55 +0000] "GET /?fileloc=%2Fvar%2Fwww%2Fvhosts%2Fmutilacaogenitalfeminina.pt%2Fhttpdocs%2Fwp-content%2Fuploads%2F2024%2F11%2FImagem-3.webp&path=%2Fvar%2Fwww%2Fvhosts%2Fmutilacaogenitalfeminina.pt%2Fhttpdocs%2Fwp-content%2Fuploads%2F2024%2F11 HTTP/1.0" 200 22959 "-" "Mozilla/5.0 AppleWebKit/537.36 (KHTML, like Gecko; compatible; ClaudeBot/1.0; +claudebot@anthropic.com)"
